{"id":159,"date":"2024-12-30T11:27:55","date_gmt":"2024-12-30T10:27:55","guid":{"rendered":"https:\/\/www.sources-hotels.com\/bordeaux\/?page_id=159"},"modified":"2026-04-24T17:36:45","modified_gmt":"2026-04-24T15:36:45","slug":"notre-appartement","status":"publish","type":"page","link":"https:\/\/www.sources-hotels.com\/bordeaux\/chambres-suites\/notre-appartement\/","title":{"rendered":"Notre appartement"},"content":{"rendered":"\n<section class=\"custom-block block--header aspect-[375\/700] text-center text-white overflow-hidden pt-[100rem] relative tablet:aspect-auto tablet:h-[700rem] tablet:pt-[420rem]\">\n\n    <h1>\n                            Appartement            <\/h1>\n\n    \n    <span class=\"scroll-down hidden text-[12rem] tracking-[2rem] uppercase font-title cursor-pointer opacity-[64%] pb-[66rem] absolute left-2\/4 bottom-0 translate-x-[-50%] after:w-[1px] after:h-[50rem] after:bg-white after:opacity-[40%] after:absolute after:bottom-0 after:left-[50%] tablet:block\">\n        Voir la suite    <\/span>\n\n    <figure class=\"min-w-full min-h-full aspect-video overflow-hidden absolute top-2\/4 left-2\/4 translate-x-[-50%] translate-y-[-50%] z-[-1] before:bg-black before:opacity-[35%] before:mix-blend-multiply before:absolute before:top-0 before:left-0 before:right-0 before:bottom-0 before:z-[2]\">\n                    <img loading=\"lazy\" decoding=\"async\" width=\"2441\" height=\"1628\" src=\"https:\/\/www.sources-hotels.com\/bordeaux\/wp-content\/uploads\/sites\/3\/2025\/04\/LesSourcesDeCaudalie_042025_38_\u252c\u00aenarophoto_web.jpg\" class=\"h-full w-full object-cover object-center\" alt=\"\" srcset=\"https:\/\/www.sources-hotels.com\/bordeaux\/wp-content\/uploads\/sites\/3\/2025\/04\/LesSourcesDeCaudalie_042025_38_\u252c\u00aenarophoto_web.jpg 2441w, https:\/\/www.sources-hotels.com\/bordeaux\/wp-content\/uploads\/sites\/3\/2025\/04\/LesSourcesDeCaudalie_042025_38_\u252c\u00aenarophoto_web-300x200.jpg 300w, https:\/\/www.sources-hotels.com\/bordeaux\/wp-content\/uploads\/sites\/3\/2025\/04\/LesSourcesDeCaudalie_042025_38_\u252c\u00aenarophoto_web-1024x683.jpg 1024w, https:\/\/www.sources-hotels.com\/bordeaux\/wp-content\/uploads\/sites\/3\/2025\/04\/LesSourcesDeCaudalie_042025_38_\u252c\u00aenarophoto_web-768x512.jpg 768w, https:\/\/www.sources-hotels.com\/bordeaux\/wp-content\/uploads\/sites\/3\/2025\/04\/LesSourcesDeCaudalie_042025_38_\u252c\u00aenarophoto_web-1536x1024.jpg 1536w, https:\/\/www.sources-hotels.com\/bordeaux\/wp-content\/uploads\/sites\/3\/2025\/04\/LesSourcesDeCaudalie_042025_38_\u252c\u00aenarophoto_web-2048x1366.jpg 2048w, https:\/\/www.sources-hotels.com\/bordeaux\/wp-content\/uploads\/sites\/3\/2025\/04\/LesSourcesDeCaudalie_042025_38_\u252c\u00aenarophoto_web-1724x1150.jpg 1724w\" sizes=\"auto, (max-width: 2441px) 100vw, 2441px\" \/>            <\/figure>\n\n        \n<\/section>\n\n    \n\n\n<section\n    class=\"custom-block block--large-visual-centered-text-white-background has-visual\">\n\n            <div class=\"large-visual-container\">\n\n            <div class=\"large-visual\">\n                <figure>\n                    <img loading=\"lazy\" decoding=\"async\" width=\"2460\" height=\"1200\" src=\"https:\/\/www.sources-hotels.com\/bordeaux\/wp-content\/uploads\/sites\/3\/2025\/04\/LesSourcesDeCaudalie_042025_33_\u252c\u00aenarophoto_web-1-2460x1200.jpg\" class=\"h-full w-full object-cover object-center\" alt=\"\" \/>                <\/figure>\n            <\/div>\n\n            \n                            <h2 class=\"title-single\">L&rsquo;Appartement<\/h2>\n                        \n        <\/div>\n    \n    <div class=\"bloc-content\">\n                <div class=\"content rte\">\n            <p><span style=\"font-weight: 400\"><span data-olk-copy-source=\"MessageBody\">L\u2019appartement Au C\u0153ur des Sources vous permettra de passer des vacances en toute intimit\u00e9. Doublement expos\u00e9 en dominant les vignes et le lac, il se compose de deux chambres spacieuses avec leurs salles de bains attenantes, d\u2019un boudoir et d\u2019un vestibule pouvant servir de chambres d\u2019appoint, d\u2019un grand salon avec salle \u00e0 manger et tisanerie. Un cadre exceptionnel pour un s\u00e9jour m\u00e9morable.<\/span><\/span><\/p>\n<h4>Services et \u00e9quipements<\/h4>\n<ul>\n<li><span style=\"font-weight: 400\">6 personnes (4 adultes et 2 enfants)<\/span><\/li>\n<li><span style=\"font-weight: 400\">100m2<\/span><\/li>\n<li><span style=\"font-weight: 400\">Salon, salle \u00e0 manger<\/span><\/li>\n<li><span style=\"font-weight: 400\">Tisanerie avec micro-ondes et mini-bar.<\/span><\/li>\n<li><span style=\"font-weight: 400\">2 chambres doubles : une avec lit double (180 x200) une avec 2 lits (90&#215;200). Notre literie est de fabrication fran\u00e7aise.<\/span><\/li>\n<li><span style=\"font-weight: 400\">2 chambres d&rsquo;appoint avec lit simple<\/span><\/li>\n<li><span data-olk-copy-source=\"MessageBody\">2 Salles de bain s\u00e9par\u00e9es avec 2 vasques\u00a0: l\u2019une avec baignoire et douche et l\u2019autre avec douche. Produits et soins \u00e9co-responsables<\/span><\/li>\n<li><span data-olk-copy-source=\"MessageBody\">Toilettes invit\u00e9s<\/span><\/li>\n<li><span style=\"font-weight: 400\">TV \u00e9cran plat Chromecast<\/span><\/li>\n<li><span style=\"font-weight: 400\">Climatisation<\/span><\/li>\n<li>Lave-linge<\/li>\n<li><span style=\"font-weight: 400\">Wifi gratuit<\/span><\/li>\n<li><span style=\"font-weight: 400\">Coffre-fort<\/span><\/li>\n<li><span style=\"font-weight: 400\">Room service disponible<\/span><\/li>\n<\/ul>\n<p>&nbsp;<\/p>\n<p><em>Nos petits-d\u00e9jeuners sont servis sous forme de buffet au restaurant La Grand&rsquo;Vigne, ou peuvent vous \u00eatre livr\u00e9s dans l\u2019intimit\u00e9 de votre chambre.<\/em><\/p>\n        <\/div>\n\n            <\/div>\n\n    \n            <svg width=\"475\" height=\"889\" viewBox=\"0 0 475 889\" fill=\"none\"><use xlink:href=\"#leaf-side\"\/><\/svg>    \n<\/section>\n\n<section class=\"custom-block block--three-visuals-cta mx-auto text-center\">\n\n                    <div class=\"images\">\n                            <div class=\"relative\">\n                    <figure>\n                        <img loading=\"lazy\" decoding=\"async\" width=\"840\" height=\"600\" src=\"https:\/\/www.sources-hotels.com\/bordeaux\/wp-content\/uploads\/sites\/3\/2025\/04\/LesSourcesDeCaudalie_042025_25_\u252c\u00aenarophoto_web-1-e1744625677446-840x600.jpg\" class=\"w-full h-full object-cover object-center\" alt=\"\" \/>                    <\/figure>\n                                    <\/div>\n                            <div class=\"relative\">\n                    <figure>\n                        <img loading=\"lazy\" decoding=\"async\" width=\"840\" height=\"600\" src=\"https:\/\/www.sources-hotels.com\/bordeaux\/wp-content\/uploads\/sites\/3\/2025\/04\/LesSourcesDeCaudalie_042025_27_\u252c\u00aenarophoto_web-1-840x600.jpg\" class=\"w-full h-full object-cover object-center\" alt=\"\" \/>                    <\/figure>\n                                    <\/div>\n                            <div class=\"relative\">\n                    <figure>\n                        <img loading=\"lazy\" decoding=\"async\" width=\"840\" height=\"600\" src=\"https:\/\/www.sources-hotels.com\/bordeaux\/wp-content\/uploads\/sites\/3\/2025\/04\/LesSourcesDeCaudalie_042025_41_\u252c\u00aenarophoto_web-840x600.jpg\" class=\"w-full h-full object-cover object-center\" alt=\"\" \/>                    <\/figure>\n                                    <\/div>\n                    <\/div>\n    \n\n            <div class=\"ctas mt-[23rem] tablet:mt-[40rem] flex gap-[42rem] justify-center\">\n            \n                            <button class=\"button cta-booking dedge-open\">R\u00e9server<\/button>\n                    <\/div>\n    \n\n\n\n<\/section>\n\n\n<section class=\"custom-block block--slider-classic-pictures flex flex-col items-center background-white\">\n\n            <h2 class=\"block-title\">D\u00e9couvrez tous nos h\u00e9bergements<\/h2>\n    \n    <div class=\"slides w-[209rem] !overflow-visible self-start tablet:w-[990rem] tablet:relative tablet:left-[60rem]\">\n\n        \n            <div class=\"slide w-[200rem] tablet:w-[450rem] teaser teaser--article-type-1\">\n\n                \n                <figure class=\"w-full h-[240rem] mb-[5rem] tablet:h-[575rem] tablet:mb-[30rem]\">\n                    <img loading=\"lazy\" decoding=\"async\" width=\"767\" height=\"1150\" src=\"https:\/\/www.sources-hotels.com\/bordeaux\/wp-content\/uploads\/sites\/3\/2025\/04\/LesSourcesDeCaudalie_GrangeAuBateau_41_\u00a9Itshenriette_Mai2023-2-767x1150.jpg\" class=\"h-full w-full object-cover object-center\" alt=\"\" srcset=\"https:\/\/www.sources-hotels.com\/bordeaux\/wp-content\/uploads\/sites\/3\/2025\/04\/LesSourcesDeCaudalie_GrangeAuBateau_41_\u00a9Itshenriette_Mai2023-2-767x1150.jpg 767w, https:\/\/www.sources-hotels.com\/bordeaux\/wp-content\/uploads\/sites\/3\/2025\/04\/LesSourcesDeCaudalie_GrangeAuBateau_41_\u00a9Itshenriette_Mai2023-2-200x300.jpg 200w, https:\/\/www.sources-hotels.com\/bordeaux\/wp-content\/uploads\/sites\/3\/2025\/04\/LesSourcesDeCaudalie_GrangeAuBateau_41_\u00a9Itshenriette_Mai2023-2-683x1024.jpg 683w, https:\/\/www.sources-hotels.com\/bordeaux\/wp-content\/uploads\/sites\/3\/2025\/04\/LesSourcesDeCaudalie_GrangeAuBateau_41_\u00a9Itshenriette_Mai2023-2-768x1152.jpg 768w, https:\/\/www.sources-hotels.com\/bordeaux\/wp-content\/uploads\/sites\/3\/2025\/04\/LesSourcesDeCaudalie_GrangeAuBateau_41_\u00a9Itshenriette_Mai2023-2-1024x1536.jpg 1024w, https:\/\/www.sources-hotels.com\/bordeaux\/wp-content\/uploads\/sites\/3\/2025\/04\/LesSourcesDeCaudalie_GrangeAuBateau_41_\u00a9Itshenriette_Mai2023-2-1365x2048.jpg 1365w\" sizes=\"auto, (max-width: 767px) 100vw, 767px\" \/>                <\/figure>\n\n                <h3 class=\"font-serif\">\n                    Chambres et Junior Suites                <\/h3>\n\n                                    <div class=\"mt-[13rem]\">\n                        <p>Nos chambres Confort, Prestige et Junior Suites t\u00e9moignent chacune d\u2019une d\u00e9coration singuli\u00e8re et unique, promesses d\u2019un voyage au c\u0153ur d\u2019une r\u00e9gion \u00e0 forte personnalit\u00e9.<\/p>\n                    <\/div>\n                \n                                    <a href=\"https:\/\/www.sources-hotels.com\/bordeaux\/chambres-suites\/chambres-junior-suites\/\" class=\"link mt-[10rem] tablet:mt-[20rem]\" target=\"\">\n                        En savoir plus                    <\/a>\n                \n            <\/div>\n\n        \n            <div class=\"slide w-[200rem] tablet:w-[450rem] teaser teaser--article-type-1\">\n\n                \n                <figure class=\"w-full h-[240rem] mb-[5rem] tablet:h-[575rem] tablet:mb-[30rem]\">\n                    <img loading=\"lazy\" decoding=\"async\" width=\"767\" height=\"1150\" src=\"https:\/\/www.sources-hotels.com\/bordeaux\/wp-content\/uploads\/sites\/3\/2025\/04\/SU07831-767x1150.jpg\" class=\"h-full w-full object-cover object-center\" alt=\"\" srcset=\"https:\/\/www.sources-hotels.com\/bordeaux\/wp-content\/uploads\/sites\/3\/2025\/04\/SU07831-767x1150.jpg 767w, https:\/\/www.sources-hotels.com\/bordeaux\/wp-content\/uploads\/sites\/3\/2025\/04\/SU07831-200x300.jpg 200w, https:\/\/www.sources-hotels.com\/bordeaux\/wp-content\/uploads\/sites\/3\/2025\/04\/SU07831-683x1024.jpg 683w, https:\/\/www.sources-hotels.com\/bordeaux\/wp-content\/uploads\/sites\/3\/2025\/04\/SU07831-768x1152.jpg 768w, https:\/\/www.sources-hotels.com\/bordeaux\/wp-content\/uploads\/sites\/3\/2025\/04\/SU07831-1024x1536.jpg 1024w, https:\/\/www.sources-hotels.com\/bordeaux\/wp-content\/uploads\/sites\/3\/2025\/04\/SU07831-1365x2048.jpg 1365w\" sizes=\"auto, (max-width: 767px) 100vw, 767px\" \/>                <\/figure>\n\n                <h3 class=\"font-serif\">\n                    Suites &amp; Suites Signature                <\/h3>\n\n                                    <div class=\"mt-[13rem]\">\n                        <p>Pens\u00e9es comme de v\u00e9ritables cocons, nos Suites vous offrent un environnement des plus spacieux pouvant accueillir 3 adultes ou 2 adultes et 2 enfants.<\/p>\n                    <\/div>\n                \n                                    <a href=\"https:\/\/www.sources-hotels.com\/bordeaux\/chambres-suites\/suites-et-suites-signature\/\" class=\"link mt-[10rem] tablet:mt-[20rem]\" target=\"\">\n                        En savoir plus                    <\/a>\n                \n            <\/div>\n\n        \n            <div class=\"slide w-[200rem] tablet:w-[450rem] teaser teaser--article-type-1\">\n\n                \n                <figure class=\"w-full h-[240rem] mb-[5rem] tablet:h-[575rem] tablet:mb-[30rem]\">\n                    <img loading=\"lazy\" decoding=\"async\" width=\"1024\" height=\"683\" src=\"https:\/\/www.sources-hotels.com\/bordeaux\/wp-content\/uploads\/sites\/3\/2025\/04\/Thil10_BD_PhilippeCastex_2014.jpg\" class=\"h-full w-full object-cover object-center\" alt=\"\" srcset=\"https:\/\/www.sources-hotels.com\/bordeaux\/wp-content\/uploads\/sites\/3\/2025\/04\/Thil10_BD_PhilippeCastex_2014.jpg 1024w, https:\/\/www.sources-hotels.com\/bordeaux\/wp-content\/uploads\/sites\/3\/2025\/04\/Thil10_BD_PhilippeCastex_2014-300x200.jpg 300w, https:\/\/www.sources-hotels.com\/bordeaux\/wp-content\/uploads\/sites\/3\/2025\/04\/Thil10_BD_PhilippeCastex_2014-768x512.jpg 768w\" sizes=\"auto, (max-width: 1024px) 100vw, 1024px\" \/>                <\/figure>\n\n                <h3 class=\"font-serif\">\n                    La Chartreuse du Ch\u00e2teau Le Thil                <\/h3>\n\n                                    <div class=\"mt-[13rem]\">\n                        <p>A 1,5 kilom\u00e8tre des Sources de Caudalie, un lieu d\u2019exception abritant neuf chambres et deux suites, ainsi que des salons de r\u00e9ception. Pour un s\u00e9jour en pleine nature, au c\u0153ur d\u2019un parc s\u00e9culaire.<\/p>\n                    <\/div>\n                \n                                    <a href=\"https:\/\/www.sources-hotels.com\/bordeaux\/chambres-suites\/chartreuse-du-chateau-le-thil\/\" class=\"link mt-[10rem] tablet:mt-[20rem]\" target=\"\">\n                        En savoir plus                    <\/a>\n                \n            <\/div>\n\n        \n    <\/div>\n\n    \n<\/section>\n","protected":false},"excerpt":{"rendered":"","protected":false},"author":1,"featured_media":0,"parent":114,"menu_order":0,"comment_status":"closed","ping_status":"closed","template":"","meta":{"_acf_changed":false,"footnotes":""},"hotels":[],"doc_cat":[],"class_list":["post-159","page","type-page","status-publish","hentry"],"acf":[],"yoast_head":"<!-- This site is optimized with the Yoast SEO plugin v27.4 - https:\/\/yoast.com\/product\/yoast-seo-wordpress\/ -->\n<title>Appartement de luxe \u00e0 Bordeaux | Les Sources de Caudalie<\/title>\n<meta name=\"description\" content=\"R\u00e9servez un s\u00e9jour luxueux et paisible dans notre appartement \u00e0 Bordeaux, au coeur du vignoble. R\u00e9servez d\u00e8s maintenant !\" \/>\n<meta name=\"robots\" content=\"index, follow, max-snippet:-1, max-image-preview:large, max-video-preview:-1\" \/>\n<link rel=\"canonical\" href=\"https:\/\/www.sources-hotels.com\/bordeaux\/chambres-suites\/notre-appartement\/\" \/>\n<meta property=\"og:locale\" content=\"fr_FR\" \/>\n<meta property=\"og:type\" content=\"article\" \/>\n<meta property=\"og:title\" content=\"Appartement de luxe \u00e0 Bordeaux | Les Sources de Caudalie\" \/>\n<meta property=\"og:description\" content=\"R\u00e9servez un s\u00e9jour luxueux et paisible dans notre appartement \u00e0 Bordeaux, au coeur du vignoble. R\u00e9servez d\u00e8s maintenant !\" \/>\n<meta property=\"og:url\" content=\"https:\/\/www.sources-hotels.com\/bordeaux\/chambres-suites\/notre-appartement\/\" \/>\n<meta property=\"og:site_name\" content=\"Les Sources de Caudalie\" \/>\n<meta property=\"article:modified_time\" content=\"2026-04-24T15:36:45+00:00\" \/>\n<meta name=\"twitter:card\" content=\"summary_large_image\" \/>\n<script type=\"application\/ld+json\" class=\"yoast-schema-graph\">{\"@context\":\"https:\\\/\\\/schema.org\",\"@graph\":[{\"@type\":\"WebPage\",\"@id\":\"https:\\\/\\\/www.sources-hotels.com\\\/bordeaux\\\/chambres-suites\\\/notre-appartement\\\/\",\"url\":\"https:\\\/\\\/www.sources-hotels.com\\\/bordeaux\\\/chambres-suites\\\/notre-appartement\\\/\",\"name\":\"Appartement de luxe \u00e0 Bordeaux | Les Sources de Caudalie\",\"isPartOf\":{\"@id\":\"https:\\\/\\\/www.sources-hotels.com\\\/bordeaux\\\/#website\"},\"datePublished\":\"2024-12-30T10:27:55+00:00\",\"dateModified\":\"2026-04-24T15:36:45+00:00\",\"description\":\"R\u00e9servez un s\u00e9jour luxueux et paisible dans notre appartement \u00e0 Bordeaux, au coeur du vignoble. R\u00e9servez d\u00e8s maintenant !\",\"breadcrumb\":{\"@id\":\"https:\\\/\\\/www.sources-hotels.com\\\/bordeaux\\\/chambres-suites\\\/notre-appartement\\\/#breadcrumb\"},\"inLanguage\":\"fr-FR\",\"potentialAction\":[{\"@type\":\"ReadAction\",\"target\":[\"https:\\\/\\\/www.sources-hotels.com\\\/bordeaux\\\/chambres-suites\\\/notre-appartement\\\/\"]}]},{\"@type\":\"BreadcrumbList\",\"@id\":\"https:\\\/\\\/www.sources-hotels.com\\\/bordeaux\\\/chambres-suites\\\/notre-appartement\\\/#breadcrumb\",\"itemListElement\":[{\"@type\":\"ListItem\",\"position\":1,\"name\":\"Accueil\",\"item\":\"https:\\\/\\\/www.sources-hotels.com\\\/bordeaux\\\/\"},{\"@type\":\"ListItem\",\"position\":2,\"name\":\"Chambres &amp; suites\",\"item\":\"https:\\\/\\\/www.sources-hotels.com\\\/bordeaux\\\/chambres-suites\\\/\"},{\"@type\":\"ListItem\",\"position\":3,\"name\":\"Notre appartement\"}]},{\"@type\":\"WebSite\",\"@id\":\"https:\\\/\\\/www.sources-hotels.com\\\/bordeaux\\\/#website\",\"url\":\"https:\\\/\\\/www.sources-hotels.com\\\/bordeaux\\\/\",\"name\":\"Les Sources de Caudalie\",\"description\":\"\",\"publisher\":{\"@id\":\"https:\\\/\\\/www.sources-hotels.com\\\/bordeaux\\\/#organization\"},\"potentialAction\":[{\"@type\":\"SearchAction\",\"target\":{\"@type\":\"EntryPoint\",\"urlTemplate\":\"https:\\\/\\\/www.sources-hotels.com\\\/bordeaux\\\/?s={search_term_string}\"},\"query-input\":{\"@type\":\"PropertyValueSpecification\",\"valueRequired\":true,\"valueName\":\"search_term_string\"}}],\"inLanguage\":\"fr-FR\"},{\"@type\":\"Organization\",\"@id\":\"https:\\\/\\\/www.sources-hotels.com\\\/bordeaux\\\/#organization\",\"name\":\"Les Sources de Caudalie\",\"url\":\"https:\\\/\\\/www.sources-hotels.com\\\/bordeaux\\\/\",\"logo\":{\"@type\":\"ImageObject\",\"inLanguage\":\"fr-FR\",\"@id\":\"https:\\\/\\\/www.sources-hotels.com\\\/bordeaux\\\/#\\\/schema\\\/logo\\\/image\\\/\",\"url\":\"https:\\\/\\\/www.sources-hotels.com\\\/bordeaux\\\/wp-content\\\/uploads\\\/sites\\\/3\\\/2025\\\/03\\\/logo-caudalie.png\",\"contentUrl\":\"https:\\\/\\\/www.sources-hotels.com\\\/bordeaux\\\/wp-content\\\/uploads\\\/sites\\\/3\\\/2025\\\/03\\\/logo-caudalie.png\",\"width\":696,\"height\":308,\"caption\":\"Les Sources de Caudalie\"},\"image\":{\"@id\":\"https:\\\/\\\/www.sources-hotels.com\\\/bordeaux\\\/#\\\/schema\\\/logo\\\/image\\\/\"}}]}<\/script>\n<!-- \/ Yoast SEO plugin. -->","yoast_head_json":{"title":"Appartement de luxe \u00e0 Bordeaux | Les Sources de Caudalie","description":"R\u00e9servez un s\u00e9jour luxueux et paisible dans notre appartement \u00e0 Bordeaux, au coeur du vignoble. R\u00e9servez d\u00e8s maintenant !","robots":{"index":"index","follow":"follow","max-snippet":"max-snippet:-1","max-image-preview":"max-image-preview:large","max-video-preview":"max-video-preview:-1"},"canonical":"https:\/\/www.sources-hotels.com\/bordeaux\/chambres-suites\/notre-appartement\/","og_locale":"fr_FR","og_type":"article","og_title":"Appartement de luxe \u00e0 Bordeaux | Les Sources de Caudalie","og_description":"R\u00e9servez un s\u00e9jour luxueux et paisible dans notre appartement \u00e0 Bordeaux, au coeur du vignoble. R\u00e9servez d\u00e8s maintenant !","og_url":"https:\/\/www.sources-hotels.com\/bordeaux\/chambres-suites\/notre-appartement\/","og_site_name":"Les Sources de Caudalie","article_modified_time":"2026-04-24T15:36:45+00:00","twitter_card":"summary_large_image","schema":{"@context":"https:\/\/schema.org","@graph":[{"@type":"WebPage","@id":"https:\/\/www.sources-hotels.com\/bordeaux\/chambres-suites\/notre-appartement\/","url":"https:\/\/www.sources-hotels.com\/bordeaux\/chambres-suites\/notre-appartement\/","name":"Appartement de luxe \u00e0 Bordeaux | Les Sources de Caudalie","isPartOf":{"@id":"https:\/\/www.sources-hotels.com\/bordeaux\/#website"},"datePublished":"2024-12-30T10:27:55+00:00","dateModified":"2026-04-24T15:36:45+00:00","description":"R\u00e9servez un s\u00e9jour luxueux et paisible dans notre appartement \u00e0 Bordeaux, au coeur du vignoble. R\u00e9servez d\u00e8s maintenant !","breadcrumb":{"@id":"https:\/\/www.sources-hotels.com\/bordeaux\/chambres-suites\/notre-appartement\/#breadcrumb"},"inLanguage":"fr-FR","potentialAction":[{"@type":"ReadAction","target":["https:\/\/www.sources-hotels.com\/bordeaux\/chambres-suites\/notre-appartement\/"]}]},{"@type":"BreadcrumbList","@id":"https:\/\/www.sources-hotels.com\/bordeaux\/chambres-suites\/notre-appartement\/#breadcrumb","itemListElement":[{"@type":"ListItem","position":1,"name":"Accueil","item":"https:\/\/www.sources-hotels.com\/bordeaux\/"},{"@type":"ListItem","position":2,"name":"Chambres &amp; suites","item":"https:\/\/www.sources-hotels.com\/bordeaux\/chambres-suites\/"},{"@type":"ListItem","position":3,"name":"Notre appartement"}]},{"@type":"WebSite","@id":"https:\/\/www.sources-hotels.com\/bordeaux\/#website","url":"https:\/\/www.sources-hotels.com\/bordeaux\/","name":"Les Sources de Caudalie","description":"","publisher":{"@id":"https:\/\/www.sources-hotels.com\/bordeaux\/#organization"},"potentialAction":[{"@type":"SearchAction","target":{"@type":"EntryPoint","urlTemplate":"https:\/\/www.sources-hotels.com\/bordeaux\/?s={search_term_string}"},"query-input":{"@type":"PropertyValueSpecification","valueRequired":true,"valueName":"search_term_string"}}],"inLanguage":"fr-FR"},{"@type":"Organization","@id":"https:\/\/www.sources-hotels.com\/bordeaux\/#organization","name":"Les Sources de Caudalie","url":"https:\/\/www.sources-hotels.com\/bordeaux\/","logo":{"@type":"ImageObject","inLanguage":"fr-FR","@id":"https:\/\/www.sources-hotels.com\/bordeaux\/#\/schema\/logo\/image\/","url":"https:\/\/www.sources-hotels.com\/bordeaux\/wp-content\/uploads\/sites\/3\/2025\/03\/logo-caudalie.png","contentUrl":"https:\/\/www.sources-hotels.com\/bordeaux\/wp-content\/uploads\/sites\/3\/2025\/03\/logo-caudalie.png","width":696,"height":308,"caption":"Les Sources de Caudalie"},"image":{"@id":"https:\/\/www.sources-hotels.com\/bordeaux\/#\/schema\/logo\/image\/"}}]}},"_links":{"self":[{"href":"https:\/\/www.sources-hotels.com\/bordeaux\/wp-json\/wp\/v2\/pages\/159","targetHints":{"allow":["GET"]}}],"collection":[{"href":"https:\/\/www.sources-hotels.com\/bordeaux\/wp-json\/wp\/v2\/pages"}],"about":[{"href":"https:\/\/www.sources-hotels.com\/bordeaux\/wp-json\/wp\/v2\/types\/page"}],"author":[{"embeddable":true,"href":"https:\/\/www.sources-hotels.com\/bordeaux\/wp-json\/wp\/v2\/users\/1"}],"replies":[{"embeddable":true,"href":"https:\/\/www.sources-hotels.com\/bordeaux\/wp-json\/wp\/v2\/comments?post=159"}],"version-history":[{"count":32,"href":"https:\/\/www.sources-hotels.com\/bordeaux\/wp-json\/wp\/v2\/pages\/159\/revisions"}],"predecessor-version":[{"id":6485,"href":"https:\/\/www.sources-hotels.com\/bordeaux\/wp-json\/wp\/v2\/pages\/159\/revisions\/6485"}],"up":[{"embeddable":true,"href":"https:\/\/www.sources-hotels.com\/bordeaux\/wp-json\/wp\/v2\/pages\/114"}],"wp:attachment":[{"href":"https:\/\/www.sources-hotels.com\/bordeaux\/wp-json\/wp\/v2\/media?parent=159"}],"wp:term":[{"taxonomy":"hotels","embeddable":true,"href":"https:\/\/www.sources-hotels.com\/bordeaux\/wp-json\/wp\/v2\/hotels?post=159"},{"taxonomy":"doc_cat","embeddable":true,"href":"https:\/\/www.sources-hotels.com\/bordeaux\/wp-json\/wp\/v2\/doc_cat?post=159"}],"curies":[{"name":"wp","href":"https:\/\/api.w.org\/{rel}","templated":true}]}}