{"id":299,"date":"2024-12-30T17:26:41","date_gmt":"2024-12-30T16:26:41","guid":{"rendered":"https:\/\/www.sources-hotels.com\/bordeaux\/?page_id=299"},"modified":"2026-03-10T14:49:27","modified_gmt":"2026-03-10T13:49:27","slug":"spa-vinotherapie","status":"publish","type":"page","link":"https:\/\/www.sources-hotels.com\/bordeaux\/spa-vinotherapie\/","title":{"rendered":"Spa Vinoth\u00e9rapie"},"content":{"rendered":"\n<section class=\"custom-block block--header h-[206rem] text-center text-white overflow-hidden pt-[100rem] relative tablet:h-[700rem] tablet:pt-[420rem]\">\n\n    <h1>\n                            Spa Vinoth\u00e9rapie            <\/h1>\n\n    \n    <span class=\"scroll-down hidden text-[12rem] tracking-[2rem] uppercase font-title cursor-pointer opacity-[64%] pb-[66rem] absolute left-2\/4 bottom-0 translate-x-[-50%] after:w-[1px] after:h-[50rem] after:bg-white after:opacity-[40%] after:absolute after:bottom-0 after:left-[50%] tablet:block\">\n        Voir la suite    <\/span>\n\n    <figure class=\"min-w-full min-h-full aspect-video overflow-hidden absolute top-2\/4 left-2\/4 translate-x-[-50%] translate-y-[-50%] z-[-1] before:bg-black before:opacity-[35%] before:mix-blend-multiply before:absolute before:top-0 before:left-0 before:right-0 before:bottom-0 before:z-[2]\">\n                    <img loading=\"lazy\" decoding=\"async\" width=\"2880\" height=\"1800\" src=\"https:\/\/www.sources-hotels.com\/bordeaux\/wp-content\/uploads\/sites\/3\/2025\/09\/SPA_Model_Add_On_Express_Facial-2880x1800.jpg\" class=\"h-full w-full object-cover object-center\" alt=\"\" \/>            <\/figure>\n    \n<\/section>\n\n    \n\n\n<section class=\"custom-block block--restaurant-details\">\n  <div class=\"row-details row-1\">\n          <div class=\"hour icon-text\">\n        <svg width=\"20\" height=\"20\" viewBox=\"0 0 20 20\" fill=\"none\"><use xlink:href=\"#clock\"\/><\/svg><p>Acc\u00e8s sur r\u00e9servation de soins<\/p>\n      <\/div>\n              <div class=\"mail icon-text\">Informations : <a href=\"mailto:vino@caudalie.com\">vino@caudalie.com<\/a><\/div>\n    \n          <div class=\"phone icon-text\">T\u00e9l : <a href=\"tel:+33 (0)5 57 83 82 82\">+33 (0)5 57 83 82 82<\/a><\/div>\n      <\/div>\n      <div class=\"row-details row-2\">\n              <div class=\"link-details\">\n                  <\/div>\n              <div class=\"link-details\">\n            <a href=\"https:\/\/www.sources-hotels.com\/bordeaux\/wp-content\/uploads\/sites\/3\/2025\/06\/Brochure-Spa-Les-Sources-de-Caudalie.pdf\"  target=\"_blank\" class=\"cta-resto-details\" >\n          <span class=\"picto\"><svg width=\"14\" height=\"13\" viewBox=\"0 0 14 13\" fill=\"none\"><use xlink:href=\"#download\"\/><\/svg><\/span>\n        Carte des soins  <\/a>\n        <\/div>\n              <div class=\"link-details\">\n                  <\/div>\n          <\/div>\n  <\/section>\n\n\n<section class=\"custom-block block--title-introduction text-center tablet:!pb-[60rem]\">\n\n            <h2 class=\"block-title\">Spa Vinoth\u00e9rapie<\/h2>\n    \n    <div class=\"tablet:w-[970rem] tablet:inline-block\">\n        <p>&nbsp;<\/p>\n<p style=\"text-align: center;\">Bienvenue dans le premier Spa Vinoth\u00e9rapie au monde. Un lieu de r\u00eave, loin du bruit, loin de tout, avec les vignes \u00e0 perte de vue. Install\u00e9 au sein du Palace Les Sources de Caudalie, nich\u00e9 dans le vignoble bordelais du prestigieux Ch\u00e2teau Smith Haut Lafitte, ce spa d\u2019exception invite \u00e0 une parenth\u00e8se de bien-\u00eatre rare.<\/p>\n<p style=\"text-align: center;\">Dans cet \u00e9crin de nature et de s\u00e9r\u00e9nit\u00e9, les sens sont choy\u00e9s, les corps ais\u00e9s et les \u00e2mes r\u00e9g\u00e9n\u00e9r\u00e9es.<br \/>\nChaque soin, sign\u00e9 Caudalie, puise dans les bienfaits de la vigne pour une exp\u00e9rience profond\u00e9ment ressour\u00e7ante.<\/p>\n<p>&nbsp;<\/p>\n<p style=\"text-align: center;\" align=\"center\"><i><span data-olk-copy-source=\"MessageBody\">Du samedi 8 novembre 2025 au samedi 25 avril 2026, nos th\u00e9rapeutes de la Vinoth\u00e9rapie auront le plaisir de vous accueillir au Spa \u00e9ph\u00e9m\u00e8re situ\u00e9 \u00e0 La Chartreuse du Ch\u00e2teau Le Thil. Vous y retrouverez la m\u00eame qualit\u00e9 de soins, tout en appr\u00e9ciant le cadre unique et somptueux d\u2019une b\u00e2tisse du XVIII\u00e8me si\u00e8cle. Une navette vous sera propos\u00e9e entre Les Sources de Caudalie et La Chartreuse du Ch\u00e2teau Le Thil (situ\u00e9e \u00e0 1,5km). Les chambres spacieuses de notre belle Chartreuse, transform\u00e9es en cabines de soin individuelles, vous permettront de vous changer en toute intimit\u00e9. Au cours de ce moment de d\u00e9tente et de s\u00e9r\u00e9nit\u00e9, vous pourrez appr\u00e9cier le cadre apaisant d\u2019un salon ouvert sur la nature, autour d\u2019une tisane.<\/span><\/i><\/p>\n<p style=\"text-align: center;\" align=\"center\"><i>La piscine int\u00e9rieure et le sauna de l\u2019h\u00f4tel, sur le domaine principal, restent \u00e0 votre enti\u00e8re disposition.<\/i><\/p>\n<p align=\"center\"><em>Le Spa Vinoth\u00e9rapie rouvrira le vendredi 1<sup>er<\/sup>\u00a0mai.<\/em><\/p>\n<p>&nbsp;<\/p>\n    <\/div>\n\n<\/section>\n\n\n\n<section class=\"custom-block block--cooking-classes bg-white\">\n\n    \n    <div class=\"content-wrapper picture-left\">\n\n        <div class=\"text\">\n\n                            <h4 class=\"subtitle\">Un \u00e9crin de d\u00e9tente et de bien-\u00eatre<\/h4>\n            \n                            <div class=\"content rte\">\n                    <p><span style=\"font-weight: 400\">Lors de votre journ\u00e9e ou demi-journ\u00e9e de soins, vous aurez acc\u00e8s \u00e0 notre hammam, jacuzzi int\u00e9rieur, aux salles de repos et \u00e0 notre bain thermal.<\/span><\/p>\n<p><span style=\"font-weight: 400\">Vous vous pr\u00e9lasserez dans une eau puis\u00e9e directement d&rsquo;une source chaude \u00e0 540 m\u00e8tres de profondeur, associ\u00e9e \u00e0 des extraits de vigne et de raisin. <\/span><span style=\"font-weight: 400\">Plongez dans un lieu enti\u00e8rement b\u00e2ti de bois de c\u00e8dre rouge, de pin douglas, et de pierre de Bourgogne, baign\u00e9 de lumi\u00e8re naturelle. Comme un ancien s\u00e9choir \u00e0 tabac du Sud-Ouest de la France, ce lieu s\u2019est alors fondu comme par magie dans un paysage enchanteur.<\/span><\/p>\n                <\/div>\n            \n            \n                            <div class=\"legend\">\n                    <p style=\"text-align: left\"><em>Pour garantir un maximum de confort \u00e0 notre client\u00e8le, les infrastructures du spa sont accessibles uniquement avec r\u00e9servation de soins, propos\u00e9s \u00e0 partir de 16 ans.<\/em><\/p>\n<p style=\"text-align: left\"><em>Pour pr\u00e9server la qui\u00e9tude des lieux, les animaux ne sont pas autoris\u00e9s au sein du Spa.<\/em><\/p>\n                <\/div>\n            \n            \n            \n        <\/div>\n        <div class=\"relative\">\n            <figure class=\"image\">\n                <img loading=\"lazy\" decoding=\"async\" width=\"1260\" height=\"1000\" src=\"https:\/\/www.sources-hotels.com\/bordeaux\/wp-content\/uploads\/sites\/3\/2025\/09\/SPA_Model_Add_On_Caudalift-1260x1000.jpg\" class=\"h-full w-full object-cover object-center\" alt=\"\" \/>            <\/figure>\n                    <\/div>\n    <\/div>\n\n<\/section>\n\n\n<section class=\"custom-block block--cooking-classes bg-primary\">\n\n            <h2 class=\"block-title\">La Vinoth\u00e9rapie<\/h2>\n    \n    <div class=\"content-wrapper picture-right\">\n\n        <div class=\"text\">\n\n                            <h4 class=\"subtitle\">Le raisin au c\u0153ur du soin<\/h4>\n            \n                            <div class=\"content rte\">\n                    <p class=\"\" data-start=\"113\" data-end=\"271\">La Vinoth\u00e9rapie marie les tr\u00e9sors de la vigne aux gestes experts de nos Vinoth\u00e9rapeutes pour offrir des soins visage et corps d\u2019exception, uniques au monde.<\/p>\n<p class=\"\" data-start=\"273\" data-end=\"446\">Gr\u00e2ce aux formules Caudalie, riches en actifs anti-oxydants et anti-\u00e2ge, chaque rituel devient un moment de beaut\u00e9 absolue, o\u00f9 la peau retrouve \u00e9clat, fermet\u00e9 et vitalit\u00e9.<\/p>\n<p class=\"\" data-start=\"448\" data-end=\"630\">Nos soins et rituels conjuguent l\u2019innovation des brevets issus de la vigne aux techniques les plus avanc\u00e9es, pour une peau visiblement plus belle, plus saine, durablement transform\u00e9e. D\u00e9couvrez notre programme de soins complet.<\/p>\n                <\/div>\n            \n            \n            \n            \n                            <div class=\"cta-wrapper\">\n                      <a href=\"https:\/\/www.sources-hotels.com\/bordeaux\/wp-content\/uploads\/sites\/3\/2025\/06\/Brochure-Spa-Les-Sources-de-Caudalie.pdf\"  target=\"_blank\" class=\"button\" >\n        Carte de soins  <\/a>\n                <\/div>\n            \n        <\/div>\n        <div class=\"relative\">\n            <figure class=\"image\">\n                <img loading=\"lazy\" decoding=\"async\" width=\"1260\" height=\"1000\" src=\"https:\/\/www.sources-hotels.com\/bordeaux\/wp-content\/uploads\/sites\/3\/2025\/01\/5403-BARREL-BATH_3-e1736519038854-1260x1000.jpg\" class=\"h-full w-full object-cover object-center\" alt=\"\" \/>            <\/figure>\n                    <\/div>\n    <\/div>\n\n<\/section>\n\n\n<section class=\"custom-block block--cooking-classes bg-white\">\n\n            <h2 class=\"block-title\">Instants d\u00e9tente<\/h2>\n    \n    <div class=\"content-wrapper picture-left\">\n\n        <div class=\"text\">\n\n                            <h4 class=\"subtitle\">Nos bulles de relaxation<\/h4>\n            \n                            <div class=\"content rte\">\n                    <p><span style=\"font-weight: 400;\">R\u00e9servez un instant d\u00e9tente : 2 soins de 50 minutes &#8211; 290\u20ac<\/span><\/p>\n<ul>\n<li><span style=\"font-weight: 400;\">BULLE D\u00c9TENTE : un soin du visage Vinoperfect &amp; un massage Vinotherapist<\/span><\/li>\n<li><span style=\"font-weight: 400;\">BULLE HYDRATATION : un soin du visage VinoHydra\u00a0 &amp; un massage Vinotherapist<\/span><\/li>\n<li><span style=\"font-weight: 400;\">BULLE FERMET\u00c9 : un soin du visage Premier Cru &amp; un massage Vinotherapist<\/span><\/li>\n<\/ul>\n                <\/div>\n            \n            \n                            <div class=\"legend\">\n                    <p>Bulles disponibles uniquement en semaine et pour les clients r\u00e9sidant \u00e0 l\u2019h\u00f4tel.<\/p>\n<p>&nbsp;<\/p>\n                <\/div>\n            \n            \n            \n        <\/div>\n        <div class=\"relative\">\n            <figure class=\"image\">\n                <img loading=\"lazy\" decoding=\"async\" width=\"1260\" height=\"1000\" src=\"https:\/\/www.sources-hotels.com\/bordeaux\/wp-content\/uploads\/sites\/3\/2025\/09\/SPA_Model_Generic_1-1260x1000.jpg\" class=\"h-full w-full object-cover object-center\" alt=\"\" \/>            <\/figure>\n                    <\/div>\n    <\/div>\n\n<\/section>\n\n\n<section class=\"custom-block block--cooking-classes bg-primary\">\n\n            <h2 class=\"block-title\">Nos rituels<\/h2>\n    \n    <div class=\"content-wrapper picture-right\">\n\n        <div class=\"text\">\n\n                            <h4 class=\"subtitle\">Des soins exceptionnels<\/h4>\n            \n                            <div class=\"content rte\">\n                    <p><span style=\"font-weight: 400;\">Vivez un moment inoubliable avec les rituels Caudalie<\/span><\/p>\n<p><span style=\"font-weight: 400;\">RITUELS DES SOURCES &#8211; 335\u20ac<br \/>\n<\/span><span style=\"font-weight: 400;\">Bain au marc de raisin (15 min)<br \/>\n<\/span><span style=\"font-weight: 400;\">Massage corps \u00e0 l\u2019huile chaude (20 min)<br \/>\n<\/span><span style=\"font-weight: 400;\">Soin du visage (50 min)<\/span><\/p>\n<p><span style=\"font-weight: 400;\">RITUEL DES VIGNES &#8211; 465\u20ac<br \/>\n<\/span>Bain au marc de raisin (15 min)<br \/>\nGommage Crushed Cabernet suivi d&rsquo;un massage (50 min)<br \/>\n<span style=\"font-weight: 400;\">Soin du visage (50 min)<\/span><\/p>\n<p><span style=\"font-weight: 400;\">RITUEL DU DIMANCHE &#8211; 380\u20ac<br \/>\n<\/span>Massage du corps Vinotherapist (50 min)<br \/>\nSoin du visage (50 min)<\/p>\n                <\/div>\n            \n            \n                            <div class=\"legend\">\n                    <p><i data-olk-copy-source=\"MessageBody\">Du samedi 8 novembre 2025 au samedi 25 avril 2026, ces soins ne sont pas disponibles, nous vous invitons \u00e0 r\u00e9server nos bulles de relaxation. Vous pourrez de nouveau les r\u00e9server \u00e0 partir du vendredi 1<sup>er<\/sup>\u00a0mai.\u00a0<\/i><\/p>\n                <\/div>\n            \n            \n            \n        <\/div>\n        <div class=\"relative\">\n            <figure class=\"image\">\n                <img loading=\"lazy\" decoding=\"async\" width=\"1260\" height=\"1000\" src=\"https:\/\/www.sources-hotels.com\/bordeaux\/wp-content\/uploads\/sites\/3\/2025\/01\/GommageCorpsCrushedCabernetBodyScrub01_2016_TucaReines\u00a9-e1736518212521-1260x1000.jpg\" class=\"h-full w-full object-cover object-center\" alt=\"\" \/>            <\/figure>\n                    <\/div>\n    <\/div>\n\n<\/section>\n\n\n<section class=\"custom-block block--cooking-classes bg-white\">\n\n            <h2 class=\"block-title\">Nos cures <\/h2>\n    \n    <div class=\"content-wrapper picture-left\">\n\n        <div class=\"text\">\n\n                            <h4 class=\"subtitle\">Nos cures d\u00e9tente<\/h4>\n            \n                            <div class=\"content rte\">\n                    <p>Les soins sont r\u00e9partis sur 2 demi-journ\u00e9es.<\/p>\n<p>CURE DES SOURCES &#8211; 720\u20ac<br \/>\n2 Bains au marc de raisin (15 min)<br \/>\nGommage Crushed Cabernet suivi d&rsquo;un massage corps (80 min)<br \/>\nMassage \u00e0 l&rsquo;huile chaude (20 min)<br \/>\nSoin du visage (50 min)<\/p>\n<p>CURE LUXE &#8211; 840\u20ac<br \/>\n2 Bains au marc de raisin (15 min)<br \/>\nGommage Crushed Cabernet suivi d&rsquo;un massage corps (80 min)<br \/>\nSoin du visage (50 min)<br \/>\nR\u00e9flexologie plantaire (50 min)<br \/>\nMassage Eau de Beaut\u00e9 (50 min)<\/p>\n                <\/div>\n            \n            \n                            <div class=\"legend\">\n                    <p><i data-olk-copy-source=\"MessageBody\">Du samedi 8 novembre 2025 au samedi 25 avril 2026, ces soins ne sont pas disponibles, nous vous invitons \u00e0 r\u00e9server nos bulles de relaxation. Vous pourrez de nouveau les r\u00e9server \u00e0 partir du vendredi 1<sup>er<\/sup>\u00a0mai.<\/i><\/p>\n                <\/div>\n            \n            \n            \n        <\/div>\n        <div class=\"relative\">\n            <figure class=\"image\">\n                <img loading=\"lazy\" decoding=\"async\" width=\"1260\" height=\"1000\" src=\"https:\/\/www.sources-hotels.com\/bordeaux\/wp-content\/uploads\/sites\/3\/2025\/01\/NATURE-MORTE-e1736519191225-1260x1000.jpg\" class=\"h-full w-full object-cover object-center\" alt=\"\" \/>            <\/figure>\n                    <\/div>\n    <\/div>\n\n<\/section>","protected":false},"excerpt":{"rendered":"","protected":false},"author":1,"featured_media":0,"parent":0,"menu_order":0,"comment_status":"closed","ping_status":"closed","template":"","meta":{"_acf_changed":false,"footnotes":""},"hotels":[],"doc_cat":[],"class_list":["post-299","page","type-page","status-publish","hentry"],"acf":[],"yoast_head":"<!-- This site is optimized with the Yoast SEO plugin v25.6 - https:\/\/yoast.com\/wordpress\/plugins\/seo\/ -->\n<title>SPA Vinoth\u00e9rapie | SPA \u00e0 Bordeaux | Les Sources de Caudalie<\/title>\n<meta name=\"description\" content=\"D\u00e9couvrez le SPA Vinoth\u00e9rapie et profitez de soins uniques \u00e0 base de produits Caudalie aux propri\u00e9t\u00e9s anti-oxydantes et anti-\u00e2ge, dans un \u00e9crin de luxe et de paisibilit\u00e9.\" \/>\n<meta name=\"robots\" content=\"index, follow, max-snippet:-1, max-image-preview:large, max-video-preview:-1\" \/>\n<link rel=\"canonical\" href=\"https:\/\/www.sources-hotels.com\/bordeaux\/spa-vinotherapie\/\" \/>\n<meta property=\"og:locale\" content=\"fr_FR\" \/>\n<meta property=\"og:type\" content=\"article\" \/>\n<meta property=\"og:title\" content=\"SPA Vinoth\u00e9rapie | SPA \u00e0 Bordeaux | Les Sources de Caudalie\" \/>\n<meta property=\"og:description\" content=\"D\u00e9couvrez le SPA Vinoth\u00e9rapie et profitez de soins uniques \u00e0 base de produits Caudalie aux propri\u00e9t\u00e9s anti-oxydantes et anti-\u00e2ge, dans un \u00e9crin de luxe et de paisibilit\u00e9.\" \/>\n<meta property=\"og:url\" content=\"https:\/\/www.sources-hotels.com\/bordeaux\/spa-vinotherapie\/\" \/>\n<meta property=\"og:site_name\" content=\"Les Sources de Caudalie\" \/>\n<meta property=\"article:modified_time\" content=\"2026-03-10T13:49:27+00:00\" \/>\n<meta name=\"twitter:card\" content=\"summary_large_image\" \/>\n<script type=\"application\/ld+json\" class=\"yoast-schema-graph\">{\"@context\":\"https:\/\/schema.org\",\"@graph\":[{\"@type\":\"WebPage\",\"@id\":\"https:\/\/www.sources-hotels.com\/bordeaux\/spa-vinotherapie\/\",\"url\":\"https:\/\/www.sources-hotels.com\/bordeaux\/spa-vinotherapie\/\",\"name\":\"SPA Vinoth\u00e9rapie | SPA \u00e0 Bordeaux | Les Sources de Caudalie\",\"isPartOf\":{\"@id\":\"https:\/\/www.sources-hotels.com\/bordeaux\/#website\"},\"datePublished\":\"2024-12-30T16:26:41+00:00\",\"dateModified\":\"2026-03-10T13:49:27+00:00\",\"description\":\"D\u00e9couvrez le SPA Vinoth\u00e9rapie et profitez de soins uniques \u00e0 base de produits Caudalie aux propri\u00e9t\u00e9s anti-oxydantes et anti-\u00e2ge, dans un \u00e9crin de luxe et de paisibilit\u00e9.\",\"breadcrumb\":{\"@id\":\"https:\/\/www.sources-hotels.com\/bordeaux\/spa-vinotherapie\/#breadcrumb\"},\"inLanguage\":\"fr-FR\",\"potentialAction\":[{\"@type\":\"ReadAction\",\"target\":[\"https:\/\/www.sources-hotels.com\/bordeaux\/spa-vinotherapie\/\"]}]},{\"@type\":\"BreadcrumbList\",\"@id\":\"https:\/\/www.sources-hotels.com\/bordeaux\/spa-vinotherapie\/#breadcrumb\",\"itemListElement\":[{\"@type\":\"ListItem\",\"position\":1,\"name\":\"Accueil\",\"item\":\"https:\/\/www.sources-hotels.com\/bordeaux\/\"},{\"@type\":\"ListItem\",\"position\":2,\"name\":\"Spa Vinoth\u00e9rapie\"}]},{\"@type\":\"WebSite\",\"@id\":\"https:\/\/www.sources-hotels.com\/bordeaux\/#website\",\"url\":\"https:\/\/www.sources-hotels.com\/bordeaux\/\",\"name\":\"Les Sources de Caudalie\",\"description\":\"\",\"publisher\":{\"@id\":\"https:\/\/www.sources-hotels.com\/bordeaux\/#organization\"},\"potentialAction\":[{\"@type\":\"SearchAction\",\"target\":{\"@type\":\"EntryPoint\",\"urlTemplate\":\"https:\/\/www.sources-hotels.com\/bordeaux\/?s={search_term_string}\"},\"query-input\":{\"@type\":\"PropertyValueSpecification\",\"valueRequired\":true,\"valueName\":\"search_term_string\"}}],\"inLanguage\":\"fr-FR\"},{\"@type\":\"Organization\",\"@id\":\"https:\/\/www.sources-hotels.com\/bordeaux\/#organization\",\"name\":\"Les Sources de Caudalie\",\"url\":\"https:\/\/www.sources-hotels.com\/bordeaux\/\",\"logo\":{\"@type\":\"ImageObject\",\"inLanguage\":\"fr-FR\",\"@id\":\"https:\/\/www.sources-hotels.com\/bordeaux\/#\/schema\/logo\/image\/\",\"url\":\"https:\/\/www.sources-hotels.com\/bordeaux\/wp-content\/uploads\/sites\/3\/2025\/03\/logo-caudalie.png\",\"contentUrl\":\"https:\/\/www.sources-hotels.com\/bordeaux\/wp-content\/uploads\/sites\/3\/2025\/03\/logo-caudalie.png\",\"width\":696,\"height\":308,\"caption\":\"Les Sources de Caudalie\"},\"image\":{\"@id\":\"https:\/\/www.sources-hotels.com\/bordeaux\/#\/schema\/logo\/image\/\"}}]}<\/script>\n<!-- \/ Yoast SEO plugin. -->","yoast_head_json":{"title":"SPA Vinoth\u00e9rapie | SPA \u00e0 Bordeaux | Les Sources de Caudalie","description":"D\u00e9couvrez le SPA Vinoth\u00e9rapie et profitez de soins uniques \u00e0 base de produits Caudalie aux propri\u00e9t\u00e9s anti-oxydantes et anti-\u00e2ge, dans un \u00e9crin de luxe et de paisibilit\u00e9.","robots":{"index":"index","follow":"follow","max-snippet":"max-snippet:-1","max-image-preview":"max-image-preview:large","max-video-preview":"max-video-preview:-1"},"canonical":"https:\/\/www.sources-hotels.com\/bordeaux\/spa-vinotherapie\/","og_locale":"fr_FR","og_type":"article","og_title":"SPA Vinoth\u00e9rapie | SPA \u00e0 Bordeaux | Les Sources de Caudalie","og_description":"D\u00e9couvrez le SPA Vinoth\u00e9rapie et profitez de soins uniques \u00e0 base de produits Caudalie aux propri\u00e9t\u00e9s anti-oxydantes et anti-\u00e2ge, dans un \u00e9crin de luxe et de paisibilit\u00e9.","og_url":"https:\/\/www.sources-hotels.com\/bordeaux\/spa-vinotherapie\/","og_site_name":"Les Sources de Caudalie","article_modified_time":"2026-03-10T13:49:27+00:00","twitter_card":"summary_large_image","schema":{"@context":"https:\/\/schema.org","@graph":[{"@type":"WebPage","@id":"https:\/\/www.sources-hotels.com\/bordeaux\/spa-vinotherapie\/","url":"https:\/\/www.sources-hotels.com\/bordeaux\/spa-vinotherapie\/","name":"SPA Vinoth\u00e9rapie | SPA \u00e0 Bordeaux | Les Sources de Caudalie","isPartOf":{"@id":"https:\/\/www.sources-hotels.com\/bordeaux\/#website"},"datePublished":"2024-12-30T16:26:41+00:00","dateModified":"2026-03-10T13:49:27+00:00","description":"D\u00e9couvrez le SPA Vinoth\u00e9rapie et profitez de soins uniques \u00e0 base de produits Caudalie aux propri\u00e9t\u00e9s anti-oxydantes et anti-\u00e2ge, dans un \u00e9crin de luxe et de paisibilit\u00e9.","breadcrumb":{"@id":"https:\/\/www.sources-hotels.com\/bordeaux\/spa-vinotherapie\/#breadcrumb"},"inLanguage":"fr-FR","potentialAction":[{"@type":"ReadAction","target":["https:\/\/www.sources-hotels.com\/bordeaux\/spa-vinotherapie\/"]}]},{"@type":"BreadcrumbList","@id":"https:\/\/www.sources-hotels.com\/bordeaux\/spa-vinotherapie\/#breadcrumb","itemListElement":[{"@type":"ListItem","position":1,"name":"Accueil","item":"https:\/\/www.sources-hotels.com\/bordeaux\/"},{"@type":"ListItem","position":2,"name":"Spa Vinoth\u00e9rapie"}]},{"@type":"WebSite","@id":"https:\/\/www.sources-hotels.com\/bordeaux\/#website","url":"https:\/\/www.sources-hotels.com\/bordeaux\/","name":"Les Sources de Caudalie","description":"","publisher":{"@id":"https:\/\/www.sources-hotels.com\/bordeaux\/#organization"},"potentialAction":[{"@type":"SearchAction","target":{"@type":"EntryPoint","urlTemplate":"https:\/\/www.sources-hotels.com\/bordeaux\/?s={search_term_string}"},"query-input":{"@type":"PropertyValueSpecification","valueRequired":true,"valueName":"search_term_string"}}],"inLanguage":"fr-FR"},{"@type":"Organization","@id":"https:\/\/www.sources-hotels.com\/bordeaux\/#organization","name":"Les Sources de Caudalie","url":"https:\/\/www.sources-hotels.com\/bordeaux\/","logo":{"@type":"ImageObject","inLanguage":"fr-FR","@id":"https:\/\/www.sources-hotels.com\/bordeaux\/#\/schema\/logo\/image\/","url":"https:\/\/www.sources-hotels.com\/bordeaux\/wp-content\/uploads\/sites\/3\/2025\/03\/logo-caudalie.png","contentUrl":"https:\/\/www.sources-hotels.com\/bordeaux\/wp-content\/uploads\/sites\/3\/2025\/03\/logo-caudalie.png","width":696,"height":308,"caption":"Les Sources de Caudalie"},"image":{"@id":"https:\/\/www.sources-hotels.com\/bordeaux\/#\/schema\/logo\/image\/"}}]}},"_links":{"self":[{"href":"https:\/\/www.sources-hotels.com\/bordeaux\/wp-json\/wp\/v2\/pages\/299","targetHints":{"allow":["GET"]}}],"collection":[{"href":"https:\/\/www.sources-hotels.com\/bordeaux\/wp-json\/wp\/v2\/pages"}],"about":[{"href":"https:\/\/www.sources-hotels.com\/bordeaux\/wp-json\/wp\/v2\/types\/page"}],"author":[{"embeddable":true,"href":"https:\/\/www.sources-hotels.com\/bordeaux\/wp-json\/wp\/v2\/users\/1"}],"replies":[{"embeddable":true,"href":"https:\/\/www.sources-hotels.com\/bordeaux\/wp-json\/wp\/v2\/comments?post=299"}],"version-history":[{"count":141,"href":"https:\/\/www.sources-hotels.com\/bordeaux\/wp-json\/wp\/v2\/pages\/299\/revisions"}],"predecessor-version":[{"id":6323,"href":"https:\/\/www.sources-hotels.com\/bordeaux\/wp-json\/wp\/v2\/pages\/299\/revisions\/6323"}],"wp:attachment":[{"href":"https:\/\/www.sources-hotels.com\/bordeaux\/wp-json\/wp\/v2\/media?parent=299"}],"wp:term":[{"taxonomy":"hotels","embeddable":true,"href":"https:\/\/www.sources-hotels.com\/bordeaux\/wp-json\/wp\/v2\/hotels?post=299"},{"taxonomy":"doc_cat","embeddable":true,"href":"https:\/\/www.sources-hotels.com\/bordeaux\/wp-json\/wp\/v2\/doc_cat?post=299"}],"curies":[{"name":"wp","href":"https:\/\/api.w.org\/{rel}","templated":true}]}}