{"id":3484,"date":"2025-04-11T17:16:12","date_gmt":"2025-04-11T15:16:12","guid":{"rendered":"https:\/\/www.sources-hotels.com\/bordeaux\/?page_id=3484"},"modified":"2026-02-05T12:20:43","modified_gmt":"2026-02-05T11:20:43","slug":"charte-rse","status":"publish","type":"page","link":"https:\/\/www.sources-hotels.com\/bordeaux\/charte-rse\/","title":{"rendered":"CHARTE RSE"},"content":{"rendered":"\n<section class=\"custom-block block--header h-[206rem] text-center text-white overflow-hidden pt-[100rem] relative tablet:h-[700rem] tablet:pt-[420rem]\">\n\n    <h1>\n                            Notre d\u00e9marche environnementale            <\/h1>\n\n    \n    <span class=\"scroll-down hidden text-[12rem] tracking-[2rem] uppercase font-title cursor-pointer opacity-[64%] pb-[66rem] absolute left-2\/4 bottom-0 translate-x-[-50%] after:w-[1px] after:h-[50rem] after:bg-white after:opacity-[40%] after:absolute after:bottom-0 after:left-[50%] tablet:block\">\n        Voir la suite    <\/span>\n\n    <figure class=\"min-w-full min-h-full aspect-video overflow-hidden absolute top-2\/4 left-2\/4 translate-x-[-50%] translate-y-[-50%] z-[-1] before:bg-black before:opacity-[35%] before:mix-blend-multiply before:absolute before:top-0 before:left-0 before:right-0 before:bottom-0 before:z-[2]\">\n                    <img loading=\"lazy\" decoding=\"async\" width=\"2126\" height=\"1371\" src=\"https:\/\/www.sources-hotels.com\/bordeaux\/wp-content\/uploads\/sites\/3\/2025\/04\/exterieur24-2019@latelierdestyle.jpg\" class=\"h-full w-full object-cover object-center\" alt=\"\" srcset=\"https:\/\/www.sources-hotels.com\/bordeaux\/wp-content\/uploads\/sites\/3\/2025\/04\/exterieur24-2019@latelierdestyle.jpg 2126w, https:\/\/www.sources-hotels.com\/bordeaux\/wp-content\/uploads\/sites\/3\/2025\/04\/exterieur24-2019@latelierdestyle-300x193.jpg 300w, https:\/\/www.sources-hotels.com\/bordeaux\/wp-content\/uploads\/sites\/3\/2025\/04\/exterieur24-2019@latelierdestyle-1024x660.jpg 1024w, https:\/\/www.sources-hotels.com\/bordeaux\/wp-content\/uploads\/sites\/3\/2025\/04\/exterieur24-2019@latelierdestyle-768x495.jpg 768w, https:\/\/www.sources-hotels.com\/bordeaux\/wp-content\/uploads\/sites\/3\/2025\/04\/exterieur24-2019@latelierdestyle-1536x991.jpg 1536w, https:\/\/www.sources-hotels.com\/bordeaux\/wp-content\/uploads\/sites\/3\/2025\/04\/exterieur24-2019@latelierdestyle-2048x1321.jpg 2048w, https:\/\/www.sources-hotels.com\/bordeaux\/wp-content\/uploads\/sites\/3\/2025\/04\/exterieur24-2019@latelierdestyle-1783x1150.jpg 1783w\" sizes=\"auto, (max-width: 2126px) 100vw, 2126px\" \/>            <\/figure>\n    \n<\/section>\n\n    \n\n\n<section class=\"custom-block block--cooking-classes bg-white\">\n\n            <h2 class=\"block-title\">UN TOURISME VERT<\/h2>\n    \n    <div class=\"content-wrapper picture-left\">\n\n        <div class=\"text\">\n\n            \n                            <div class=\"content rte\">\n                    <p class=\"\" data-start=\"136\" data-end=\"380\">Engag\u00e9es depuis plus de vingt ans dans une d\u00e9marche respectueuse de l\u2019environnement, Les Sources de Caudalie ont obtenu la <strong>certification<\/strong> <strong>\u00c9colabel Europ\u00e9en<\/strong> en 2023, une reconnaissance pr\u00e9cieuse qui r\u00e9compense un engagement collectif et constant.<\/p>\n<p class=\"\" data-start=\"382\" data-end=\"759\">Pour Alice et J\u00e9r\u00f4me Tourbier, fondateurs du lieu, l\u2019\u00e9coresponsabilit\u00e9 n\u2019est pas une tendance mais une conviction profonde : celle d\u2019un art du voyage qui conjugue \u00e9l\u00e9gance et conscience. \u00c0 leurs c\u00f4t\u00e9s, l\u2019ensemble des \u00e9quipes \u0153uvre chaque jour pour inventer un luxe discret, sinc\u00e8re et durable, o\u00f9 chaque attention est pens\u00e9e dans le respect de l\u2019humain et de la nature.<\/p>\n<p class=\"\" data-start=\"761\" data-end=\"923\">Ici, consommer autrement est une \u00e9vidence : trier, recycler, r\u00e9utiliser, et faire du d\u00e9veloppement durable un r\u00e9flexe, \u00e0 chaque d\u00e9cision, \u00e0 chaque action.<\/p>\n<p style=\"text-align: center\" data-start=\"761\" data-end=\"923\"><a href=\"https:\/\/www.sources-hotels.com\/bordeaux\/wp-content\/uploads\/sites\/3\/2025\/04\/LesSourcesDeCaudalie_CharteRSE.pdf\"><span style=\"text-decoration: underline\">T\u00e9l\u00e9charger notre Charte RSE<\/span><\/a><\/p>\n                <\/div>\n            \n            \n            \n            \n            \n        <\/div>\n        <div class=\"relative\">\n            <figure class=\"image\">\n                <img loading=\"lazy\" decoding=\"async\" width=\"1260\" height=\"917\" src=\"https:\/\/www.sources-hotels.com\/bordeaux\/wp-content\/uploads\/sites\/3\/2025\/04\/Facade-Maison-Lievre-et-porteurs_GdeLaubier_2014-1-min-1260x917.jpg\" class=\"h-full w-full object-cover object-center\" alt=\"\" \/>            <\/figure>\n                    <\/div>\n    <\/div>\n\n<\/section>\n\n<section class=\"custom-block block--text-2-pictures\">\n\n      <h2 class=\"block-title\">Nos mesures<\/h2>\n  \n  <div class=\"content picture-left\">\n    <div class=\"text rte\">\n      <p><strong>R\u00e9duire et ma\u00eetriser notre consommation en eau <\/strong><\/p>\n<ul>\n<li>L\u2019arrosage des nos ext\u00e9rieurs se fait exclusivement gr\u00e2ce \u00e0 l\u2019eau de nos forages;<\/li>\n<li>Les linges de lit ne sont d\u00e9sormais renouvel\u00e9s que tous les 2 ou 3 jours en s\u00e9jour long et<br \/>\nnous sensibilisons nos clients \u00e0 ce sujet;<\/li>\n<li>Seules les serviettes \u00e0 terre ou dans les baignoires sont chang\u00e9es;<\/li>\n<li>Le Spa Vinoth\u00e9rapie Caudalie et ses installations telles que le bain barrique, les piscines<br \/>\nou encore le jacuzzi, sont aliment\u00e9s par une source d\u2019eau naturelle puis\u00e9e directement \u00e0 540m de profondeur sous nos pieds.<\/li>\n<\/ul>\n<p>&nbsp;<\/p>\n<p>&nbsp;<\/p>\n<p><strong>R\u00e9duire, trier et valoriser nos d\u00e9chets<\/strong><\/p>\n<ul>\n<li>Un lombricomposteur a \u00e9t\u00e9 install\u00e9 pour le recyclage de tous les d\u00e9chets v\u00e9g\u00e9taux de nos cuisines. Une fois r\u00e9cup\u00e9r\u00e9, le compost alimente notre potager;<\/li>\n<li>Nous trions et recyclons tous types de d\u00e9chets gr\u00e2ce \u00e0 la soci\u00e9t\u00e9 Elise (carton, papier, plastique, bois, aluminium, verre). Un suivi mensuel pr\u00e9cis du tonnage nous est envoy\u00e9. Ce recyclage permet la cr\u00e9ation d\u2019emplois stables \u00e0 des personnes en difficult\u00e9 d\u2019insertion, le plus souvent pour cause de handicap.<\/li>\n<\/ul>\n    <\/div>\n\n    <div class=\"images\">\n      <figure>\n        <img loading=\"lazy\" decoding=\"async\" width=\"1260\" height=\"1000\" src=\"https:\/\/www.sources-hotels.com\/bordeaux\/wp-content\/uploads\/sites\/3\/2025\/08\/Design-sans-titre-4-1260x1000.png\" class=\"h-full w-full object-cover object-center\" alt=\"\" \/>      <\/figure>\n      <figure>\n        <img loading=\"lazy\" decoding=\"async\" width=\"1260\" height=\"918\" src=\"https:\/\/www.sources-hotels.com\/bordeaux\/wp-content\/uploads\/sites\/3\/2025\/04\/exterieur-21-2019@latelierdestyle-1260x918.jpg\" class=\"h-full w-full object-cover object-center\" alt=\"\" \/>      <\/figure>\n    <\/div>\n  <\/div>\n\n\n\n<\/section>\n\n<section class=\"custom-block block--text-2-pictures\">\n\n  \n  <div class=\"content picture-right\">\n    <div class=\"text rte\">\n      <p><strong>R\u00e9duire notre empreinte carbone en restauration<\/strong><\/p>\n<ul>\n<li>Nous\u00a0consommons le plus localement possible et de saison\u00a0: notre\u00a0potager bio\u00a0en permaculture de 250m2, un\u00a0poulailler\u00a0ainsi que le\u00a0Jardin des Abeilles\u00a0nous permettent de\u00a0r\u00e9duire l\u2019importation de produits\u00a0et\u00a0approvisionnent les cuisines de l\u2019h\u00f4tel en \u0153ufs frais, fruits, l\u00e9gumes, fleurs comestibles et herbes aromatiques. Une fa\u00e7on de vous assurer une fra\u00eecheur maximale dans l\u2019assiette tout en ayant z\u00e9ro transport;<\/li>\n<li>Depuis plus de trois ans, nous avons choisi de pousser notre d\u00e9marche en s\u2019associant \u00e0\u00a0Rachel,\u00a0fondatrice du Conservatoire du Go\u00fbt\u00a0afin de nous accompagner sur le potager et\u00a0militer pour la sauvegarde des vari\u00e9t\u00e9s;<\/li>\n<li>Le buffet petit-d\u00e9jeuner est compos\u00e9 de produits exclusivement en provenance de Nouvelle Aquitaine (\u00e0 l\u2019exception du th\u00e9, du caf\u00e9 et du sucre), ainsi que les menus 4 et 6 plats du restaurant \u00e9toil\u00e9 La Grand\u2019Vigne;<\/li>\n<li>Nous avons fait le choix de\u00a0r\u00e9duire la consommation de produits carn\u00e9s\u00a0\u00e0 l\u2019origine des plus grosses \u00e9missions de gaz \u00e0 effet de serre. Au restaurant La Grand\u2019Vigne, les menus ne comprennent qu\u2019un seul plat \u00e0 base de viande, dont le grammage est contr\u00f4l\u00e9. Dans les autres points de restauration, nous sugg\u00e9rons des\u00a0alternatives v\u00e9g\u00e9tariennes\u00a0ou\u00a0\u00e0 base de poisson issu d\u2019une p\u00eache raisonn\u00e9e;<\/li>\n<li>Pour lutter contre le gaspillage alimentaire, nous avons mis en place un cycle de formations aupr\u00e8s de nos \u00e9quipes de restauration sur les \u00e9co-gestes \u00e0 adopter.<\/li>\n<\/ul>\n    <\/div>\n\n    <div class=\"images\">\n      <figure>\n        <img loading=\"lazy\" decoding=\"async\" width=\"1260\" height=\"917\" src=\"https:\/\/www.sources-hotels.com\/bordeaux\/wp-content\/uploads\/sites\/3\/2025\/04\/Serre-GV-et-potager_GdeLaubier_2014-1260x917.jpg\" class=\"h-full w-full object-cover object-center\" alt=\"\" \/>      <\/figure>\n      <figure>\n        <img loading=\"lazy\" decoding=\"async\" width=\"1260\" height=\"1000\" src=\"https:\/\/www.sources-hotels.com\/bordeaux\/wp-content\/uploads\/sites\/3\/2025\/04\/LesSourcesDeCaudalie_-\u00a9ClaudiaDevillaz@my_tasty_travels_2021-69-1260x1000.jpg\" class=\"h-full w-full object-cover object-center\" alt=\"\" \/>      <\/figure>\n    <\/div>\n  <\/div>\n\n\n\n<\/section>\n\n<section class=\"custom-block block--text-2-pictures\">\n\n  \n  <div class=\"content picture-left\">\n    <div class=\"text rte\">\n      <p><strong>Proposer des amenities \u00e9co-responsables<\/strong><\/p>\n<ul>\n<li>Nos\u00a0soins de douche\u00a0sont d\u00e9sormais\u00a0rechargeables, dans de grands contenants de 250ml et 500ml, en\u00a0plastique recycl\u00e9\u00a0et\u00a0recyclable.<\/li>\n<li>Nous avons\u00a0supprim\u00e9 tous les emballages plastiques des produits logot\u00e9s\u00a0en chambre ou en boutique. Le z\u00e9ro emballage prime et lorsque cela est n\u00e9cessaire nous\u00a0privil\u00e9gions les emballages en tissus. En chambre, les clients trouveront un petit pochon en tissu dans lequel se trouve un kit r\u00e9utilisable.<\/li>\n<\/ul>\n<p><em><strong>\u00a0 \u00a0 \u00a0 \u00a0<\/strong><\/em><\/p>\n<p>&nbsp;<\/p>\n<p><strong>Am\u00e9nager et entretenir l\u2019h\u00f4tel de fa\u00e7on plus responsable<\/strong><\/p>\n<ul>\n<li>Pour l\u2019am\u00e9nagement de l\u2019h\u00f4tel, les\u00a0mat\u00e9riaux nobles\u00a0et de\u00a0provenance locale\u00a0sont privil\u00e9gi\u00e9s : marbre des Pyr\u00e9n\u00e9es dans les salles de bain, essences de bois brut, charpente de bois r\u00e9cup\u00e9r\u00e9 dans la r\u00e9gion,\u00a0meubles chin\u00e9s\u00a0et\u00a0remis en \u00e9tat, etc.<\/li>\n<li>Les \u00e9quipes h\u00e9bergement\u00a0ont particip\u00e9 \u00e0 un cycle de\u00a0formation\u00a0sur les\u00a0\u00e9cogestes\u00a0du nettoyage.<\/li>\n<li>Les\u00a0produits d\u2019entretien\u00a0de l\u2019h\u00f4tel sont\u00a0\u00e9colabellis\u00e9s.<\/li>\n<li>Les \u00e9quipes d\u2019entretien des chambres\u00a0trient les d\u00e9chets\u00a0des poubelles de chaque chambre et salle de bain.<\/li>\n<li>Des\u00a0ampoules LED\u00a0alimentent l\u2019ensemble des luminaires de l\u2019h\u00f4tel<\/li>\n<\/ul>\n<p>&nbsp;<\/p>\n    <\/div>\n\n    <div class=\"images\">\n      <figure>\n        <img loading=\"lazy\" decoding=\"async\" width=\"1260\" height=\"1000\" src=\"https:\/\/www.sources-hotels.com\/bordeaux\/wp-content\/uploads\/sites\/3\/2025\/04\/SourcesDeCaudalie_ShootingRH_\u00a9itshenriette_2022-68-e1744383220841-1260x1000.jpg\" class=\"h-full w-full object-cover object-center\" alt=\"\" \/>      <\/figure>\n      <figure>\n        <img loading=\"lazy\" decoding=\"async\" width=\"1260\" height=\"1000\" src=\"https:\/\/www.sources-hotels.com\/bordeaux\/wp-content\/uploads\/sites\/3\/2025\/04\/SourcesDeCaudalie_ShootingRH_\u00a9itshenriette_2022-67-1260x1000.jpg\" class=\"h-full w-full object-cover object-center\" alt=\"\" \/>      <\/figure>\n    <\/div>\n  <\/div>\n\n\n\n<\/section>\n\n\n<section class=\"custom-block block--cooking-classes bg-white\">\n\n    \n    <div class=\"content-wrapper picture-right\">\n\n        <div class=\"text\">\n\n            \n                            <div class=\"content rte\">\n                    <p>&nbsp;<\/p>\n<p><strong>Offrir un environnement de travail agr\u00e9able et \u00e9panouissant<\/strong><\/p>\n<ul>\n<li>Nous avons obtenu la note de 79\/100 au calcul de l\u2019index des \u00e9galit\u00e9s professionnels homme-femme.<\/li>\n<li>Nous proposons \u00e0 nos employ\u00e9s une formation continue gr\u00e2ce \u00e0 la\u00a0Sources Acad\u00e9mie.\u00a0Tout au long de l\u2019ann\u00e9e, des formations externes certifiantes, ainsi que des formations intra-entreprise sont mises en place.<\/li>\n<li>Nous avons \u00e9quip\u00e9 l\u2019ensemble de nos chambres de\u00a0l\u00e8ve-lits\u00a0pour\u00a0r\u00e9duire la p\u00e9nibilit\u00e9 des femmes de chambres<\/li>\n<li>Nous am\u00e9nageons les plannings de nos \u00e9quipes de fa\u00e7on \u00e0 ce que chacun puisse trouver un\u00a0\u00e9quilibre vie priv\u00e9e-vie professionnelle\u00a0(mise en place d\u2019un fonctionnement 4 jours travaill\u00e9s pour 3 jours de cong\u00e9s pour les \u00e9quipes cuisine et service auberge, un samedi ou un dimanche de cong\u00e9 par mois est autoris\u00e9, une semaine de cong\u00e9s l\u2019\u00e9t\u00e9 autoris\u00e9e)<\/li>\n<\/ul>\n                <\/div>\n            \n            \n            \n            \n            \n        <\/div>\n        <div class=\"relative\">\n            <figure class=\"image\">\n                <img loading=\"lazy\" decoding=\"async\" width=\"1260\" height=\"1000\" src=\"https:\/\/www.sources-hotels.com\/bordeaux\/wp-content\/uploads\/sites\/3\/2025\/04\/SourcesDeCaudalie_ShootingRH_\u00a9itshenriette_2022-52-1260x1000.jpg\" class=\"h-full w-full object-cover object-center\" alt=\"\" \/>            <\/figure>\n                    <\/div>\n    <\/div>\n\n<\/section>","protected":false},"excerpt":{"rendered":"","protected":false},"author":3,"featured_media":0,"parent":0,"menu_order":0,"comment_status":"closed","ping_status":"closed","template":"","meta":{"_acf_changed":false,"footnotes":""},"hotels":[],"doc_cat":[],"class_list":["post-3484","page","type-page","status-publish","hentry"],"acf":[],"yoast_head":"<!-- This site is optimized with the Yoast SEO plugin v25.6 - https:\/\/yoast.com\/wordpress\/plugins\/seo\/ -->\n<title>Notre d\u00e9marche environnementale | Les Sources de Caudalie<\/title>\n<meta name=\"description\" content=\"Premier Palace \u00e9colabellis\u00e9, Les Sources de Caudalie incarnent un luxe durable, engag\u00e9 pour la nature et le vivant.\" \/>\n<meta name=\"robots\" content=\"index, follow, max-snippet:-1, max-image-preview:large, max-video-preview:-1\" \/>\n<link rel=\"canonical\" href=\"https:\/\/www.sources-hotels.com\/bordeaux\/charte-rse\/\" \/>\n<meta property=\"og:locale\" content=\"fr_FR\" \/>\n<meta property=\"og:type\" content=\"article\" \/>\n<meta property=\"og:title\" content=\"Notre d\u00e9marche environnementale | Les Sources de Caudalie\" \/>\n<meta property=\"og:description\" content=\"Premier Palace \u00e9colabellis\u00e9, Les Sources de Caudalie incarnent un luxe durable, engag\u00e9 pour la nature et le vivant.\" \/>\n<meta property=\"og:url\" content=\"https:\/\/www.sources-hotels.com\/bordeaux\/charte-rse\/\" \/>\n<meta property=\"og:site_name\" content=\"Les Sources de Caudalie\" \/>\n<meta property=\"article:modified_time\" content=\"2026-02-05T11:20:43+00:00\" \/>\n<meta name=\"twitter:card\" content=\"summary_large_image\" \/>\n<script type=\"application\/ld+json\" class=\"yoast-schema-graph\">{\"@context\":\"https:\/\/schema.org\",\"@graph\":[{\"@type\":\"WebPage\",\"@id\":\"https:\/\/www.sources-hotels.com\/bordeaux\/charte-rse\/\",\"url\":\"https:\/\/www.sources-hotels.com\/bordeaux\/charte-rse\/\",\"name\":\"Notre d\u00e9marche environnementale | Les Sources de Caudalie\",\"isPartOf\":{\"@id\":\"https:\/\/www.sources-hotels.com\/bordeaux\/#website\"},\"datePublished\":\"2025-04-11T15:16:12+00:00\",\"dateModified\":\"2026-02-05T11:20:43+00:00\",\"description\":\"Premier Palace \u00e9colabellis\u00e9, Les Sources de Caudalie incarnent un luxe durable, engag\u00e9 pour la nature et le vivant.\",\"breadcrumb\":{\"@id\":\"https:\/\/www.sources-hotels.com\/bordeaux\/charte-rse\/#breadcrumb\"},\"inLanguage\":\"fr-FR\",\"potentialAction\":[{\"@type\":\"ReadAction\",\"target\":[\"https:\/\/www.sources-hotels.com\/bordeaux\/charte-rse\/\"]}]},{\"@type\":\"BreadcrumbList\",\"@id\":\"https:\/\/www.sources-hotels.com\/bordeaux\/charte-rse\/#breadcrumb\",\"itemListElement\":[{\"@type\":\"ListItem\",\"position\":1,\"name\":\"Accueil\",\"item\":\"https:\/\/www.sources-hotels.com\/bordeaux\/\"},{\"@type\":\"ListItem\",\"position\":2,\"name\":\"CHARTE RSE\"}]},{\"@type\":\"WebSite\",\"@id\":\"https:\/\/www.sources-hotels.com\/bordeaux\/#website\",\"url\":\"https:\/\/www.sources-hotels.com\/bordeaux\/\",\"name\":\"Les Sources de Caudalie\",\"description\":\"\",\"publisher\":{\"@id\":\"https:\/\/www.sources-hotels.com\/bordeaux\/#organization\"},\"potentialAction\":[{\"@type\":\"SearchAction\",\"target\":{\"@type\":\"EntryPoint\",\"urlTemplate\":\"https:\/\/www.sources-hotels.com\/bordeaux\/?s={search_term_string}\"},\"query-input\":{\"@type\":\"PropertyValueSpecification\",\"valueRequired\":true,\"valueName\":\"search_term_string\"}}],\"inLanguage\":\"fr-FR\"},{\"@type\":\"Organization\",\"@id\":\"https:\/\/www.sources-hotels.com\/bordeaux\/#organization\",\"name\":\"Les Sources de Caudalie\",\"url\":\"https:\/\/www.sources-hotels.com\/bordeaux\/\",\"logo\":{\"@type\":\"ImageObject\",\"inLanguage\":\"fr-FR\",\"@id\":\"https:\/\/www.sources-hotels.com\/bordeaux\/#\/schema\/logo\/image\/\",\"url\":\"https:\/\/www.sources-hotels.com\/bordeaux\/wp-content\/uploads\/sites\/3\/2025\/03\/logo-caudalie.png\",\"contentUrl\":\"https:\/\/www.sources-hotels.com\/bordeaux\/wp-content\/uploads\/sites\/3\/2025\/03\/logo-caudalie.png\",\"width\":696,\"height\":308,\"caption\":\"Les Sources de Caudalie\"},\"image\":{\"@id\":\"https:\/\/www.sources-hotels.com\/bordeaux\/#\/schema\/logo\/image\/\"}}]}<\/script>\n<!-- \/ Yoast SEO plugin. -->","yoast_head_json":{"title":"Notre d\u00e9marche environnementale | Les Sources de Caudalie","description":"Premier Palace \u00e9colabellis\u00e9, Les Sources de Caudalie incarnent un luxe durable, engag\u00e9 pour la nature et le vivant.","robots":{"index":"index","follow":"follow","max-snippet":"max-snippet:-1","max-image-preview":"max-image-preview:large","max-video-preview":"max-video-preview:-1"},"canonical":"https:\/\/www.sources-hotels.com\/bordeaux\/charte-rse\/","og_locale":"fr_FR","og_type":"article","og_title":"Notre d\u00e9marche environnementale | Les Sources de Caudalie","og_description":"Premier Palace \u00e9colabellis\u00e9, Les Sources de Caudalie incarnent un luxe durable, engag\u00e9 pour la nature et le vivant.","og_url":"https:\/\/www.sources-hotels.com\/bordeaux\/charte-rse\/","og_site_name":"Les Sources de Caudalie","article_modified_time":"2026-02-05T11:20:43+00:00","twitter_card":"summary_large_image","schema":{"@context":"https:\/\/schema.org","@graph":[{"@type":"WebPage","@id":"https:\/\/www.sources-hotels.com\/bordeaux\/charte-rse\/","url":"https:\/\/www.sources-hotels.com\/bordeaux\/charte-rse\/","name":"Notre d\u00e9marche environnementale | Les Sources de Caudalie","isPartOf":{"@id":"https:\/\/www.sources-hotels.com\/bordeaux\/#website"},"datePublished":"2025-04-11T15:16:12+00:00","dateModified":"2026-02-05T11:20:43+00:00","description":"Premier Palace \u00e9colabellis\u00e9, Les Sources de Caudalie incarnent un luxe durable, engag\u00e9 pour la nature et le vivant.","breadcrumb":{"@id":"https:\/\/www.sources-hotels.com\/bordeaux\/charte-rse\/#breadcrumb"},"inLanguage":"fr-FR","potentialAction":[{"@type":"ReadAction","target":["https:\/\/www.sources-hotels.com\/bordeaux\/charte-rse\/"]}]},{"@type":"BreadcrumbList","@id":"https:\/\/www.sources-hotels.com\/bordeaux\/charte-rse\/#breadcrumb","itemListElement":[{"@type":"ListItem","position":1,"name":"Accueil","item":"https:\/\/www.sources-hotels.com\/bordeaux\/"},{"@type":"ListItem","position":2,"name":"CHARTE RSE"}]},{"@type":"WebSite","@id":"https:\/\/www.sources-hotels.com\/bordeaux\/#website","url":"https:\/\/www.sources-hotels.com\/bordeaux\/","name":"Les Sources de Caudalie","description":"","publisher":{"@id":"https:\/\/www.sources-hotels.com\/bordeaux\/#organization"},"potentialAction":[{"@type":"SearchAction","target":{"@type":"EntryPoint","urlTemplate":"https:\/\/www.sources-hotels.com\/bordeaux\/?s={search_term_string}"},"query-input":{"@type":"PropertyValueSpecification","valueRequired":true,"valueName":"search_term_string"}}],"inLanguage":"fr-FR"},{"@type":"Organization","@id":"https:\/\/www.sources-hotels.com\/bordeaux\/#organization","name":"Les Sources de Caudalie","url":"https:\/\/www.sources-hotels.com\/bordeaux\/","logo":{"@type":"ImageObject","inLanguage":"fr-FR","@id":"https:\/\/www.sources-hotels.com\/bordeaux\/#\/schema\/logo\/image\/","url":"https:\/\/www.sources-hotels.com\/bordeaux\/wp-content\/uploads\/sites\/3\/2025\/03\/logo-caudalie.png","contentUrl":"https:\/\/www.sources-hotels.com\/bordeaux\/wp-content\/uploads\/sites\/3\/2025\/03\/logo-caudalie.png","width":696,"height":308,"caption":"Les Sources de Caudalie"},"image":{"@id":"https:\/\/www.sources-hotels.com\/bordeaux\/#\/schema\/logo\/image\/"}}]}},"_links":{"self":[{"href":"https:\/\/www.sources-hotels.com\/bordeaux\/wp-json\/wp\/v2\/pages\/3484","targetHints":{"allow":["GET"]}}],"collection":[{"href":"https:\/\/www.sources-hotels.com\/bordeaux\/wp-json\/wp\/v2\/pages"}],"about":[{"href":"https:\/\/www.sources-hotels.com\/bordeaux\/wp-json\/wp\/v2\/types\/page"}],"author":[{"embeddable":true,"href":"https:\/\/www.sources-hotels.com\/bordeaux\/wp-json\/wp\/v2\/users\/3"}],"replies":[{"embeddable":true,"href":"https:\/\/www.sources-hotels.com\/bordeaux\/wp-json\/wp\/v2\/comments?post=3484"}],"version-history":[{"count":42,"href":"https:\/\/www.sources-hotels.com\/bordeaux\/wp-json\/wp\/v2\/pages\/3484\/revisions"}],"predecessor-version":[{"id":6128,"href":"https:\/\/www.sources-hotels.com\/bordeaux\/wp-json\/wp\/v2\/pages\/3484\/revisions\/6128"}],"wp:attachment":[{"href":"https:\/\/www.sources-hotels.com\/bordeaux\/wp-json\/wp\/v2\/media?parent=3484"}],"wp:term":[{"taxonomy":"hotels","embeddable":true,"href":"https:\/\/www.sources-hotels.com\/bordeaux\/wp-json\/wp\/v2\/hotels?post=3484"},{"taxonomy":"doc_cat","embeddable":true,"href":"https:\/\/www.sources-hotels.com\/bordeaux\/wp-json\/wp\/v2\/doc_cat?post=3484"}],"curies":[{"name":"wp","href":"https:\/\/api.w.org\/{rel}","templated":true}]}}