{"id":351,"date":"2024-12-31T14:39:35","date_gmt":"2024-12-31T13:39:35","guid":{"rendered":"https:\/\/www.sources-hotels.com\/bourgogne\/?page_id=351"},"modified":"2026-04-16T16:12:35","modified_gmt":"2026-04-16T14:12:35","slug":"evenements","status":"publish","type":"page","link":"https:\/\/www.sources-hotels.com\/bourgogne\/evenements\/","title":{"rendered":"\u00c9V\u00c9NEMENTS"},"content":{"rendered":"\n<section class=\"custom-block block--header h-[206rem] text-center text-white overflow-hidden pt-[100rem] relative tablet:h-[700rem] tablet:pt-[420rem]\">\n\n    <h1>\n                            VOS \u00c9V\u00c9NEMENTS            <\/h1>\n\n    \n    <span class=\"scroll-down hidden text-[12rem] tracking-[2rem] uppercase font-title cursor-pointer opacity-[64%] pb-[66rem] absolute left-2\/4 bottom-0 translate-x-[-50%] after:w-[1px] after:h-[50rem] after:bg-white after:opacity-[40%] after:absolute after:bottom-0 after:left-[50%] tablet:block\">\n        Voir la suite    <\/span>\n\n    <figure class=\"min-w-full min-h-full aspect-video overflow-hidden absolute top-2\/4 left-2\/4 translate-x-[-50%] translate-y-[-50%] z-[-1] before:bg-black before:opacity-[35%] before:mix-blend-multiply before:absolute before:top-0 before:left-0 before:right-0 before:bottom-0 before:z-[2]\">\n                    <img loading=\"lazy\" decoding=\"async\" width=\"2880\" height=\"1800\" src=\"https:\/\/www.sources-hotels.com\/bourgogne\/wp-content\/uploads\/sites\/5\/2025\/07\/LSV-07-01-2880x1800.jpg\" class=\"h-full w-full object-cover object-center\" alt=\"Les Sources de Vougeot\" \/>            <\/figure>\n    \n<\/section>\n\n    \n\n\n<section class=\"custom-block block--restaurant-details\">\n  <div class=\"row-details row-1\">\n        \n      <\/div>\n      <div class=\"row-details row-2\">\n              <div class=\"link-details\">\n            <a href=\"https:\/\/www.sources-hotels.com\/bourgogne\/wp-content\/uploads\/sites\/5\/2026\/04\/Brochure-seminaire-FR-SDV.pdf\"  target=\"_blank\" class=\"cta-resto-details\" >\n          <span class=\"picto\"><svg width=\"14\" height=\"13\" viewBox=\"0 0 14 13\" fill=\"none\"><use xlink:href=\"#download\"\/><\/svg><\/span>\n        Brochure s\u00e9minaires  <\/a>\n        <\/div>\n              <div class=\"link-details\">\n            <a href=\"https:\/\/sources-hotels.backyou.app\/fr\/c\/request\/les-sources-de-vougeot?1#__step_request_0\"  target=\"_blank\" class=\"cta-resto-details\" >\n          <span class=\"picto\"><svg width=\"14\" height=\"13\" viewBox=\"0 0 14 13\" fill=\"none\"><use xlink:href=\"#download\"\/><\/svg><\/span>\n        Demander un devis  <\/a>\n        <\/div>\n          <\/div>\n  <\/section>\n\n\n<section class=\"custom-block block--text-small-visual-watermark style-image-right background-white\">\n\n            <h2 class=\"block-title\">S\u00e9minaires &amp; Incentives<\/h2>\n    \n    <div class=\"block-content w-[255rem] flex flex-col gap-[20rem] mx-auto tablet:w-auto tablet:flex-row tablet:px-0 tablet:gap-[105rem] tablet:mx-0\">\n\n        <figure class=\"w-full h-[200rem] flex-initial relative z-[1] tablet:w-[630rem] tablet:h-[500rem]\">\n\n            <img loading=\"lazy\" decoding=\"async\" width=\"1260\" height=\"1000\" src=\"https:\/\/www.sources-hotels.com\/bourgogne\/wp-content\/uploads\/sites\/5\/2025\/08\/LSV-02-01-Recadre-2-1260x1000.jpg\" class=\"w-full h-full object-cover object-center relative z-[2]\" alt=\"\" \/>\n            \n        <\/figure>\n\n        <div class=\"w-full flex flex-col flex-initial z-[2] tablet:w-[500rem]\">\n\n                            <h3 class=\"text-[16rem] uppercase text-theme font-text mb-[25rem] tablet:text-[22rem]\">\n                    En Bourgogne, au c\u0153ur de la C\u00f4te d&rsquo;Or                <\/h3>\n            \n            <div class=\"rte\"><p>\u00c0 seulement 30 minutes de Dijon et \u00e0 3 heures de Paris, Les Sources de Vougeot vous ouvrent les portes d&rsquo;une Bourgogne vivante et confidentielle pour vos \u00e9v\u00e9nements d&rsquo;entreprise, s\u00e9minaires et c\u00e9l\u00e9brations.<\/p>\n<p>Au milieu des parcelles viticoles inscrites aux Climats du vignoble, vous serez re\u00e7us dans un lieu unique, marqu\u00e9 par l&rsquo;h\u00e9ritage monastique de l&rsquo;Ordre cistercien, patrimoine, vigne et nature.<\/p>\n<p>Con\u00e7u pour conjuguer travail et convivialit\u00e9, le domaine offre un cadre o\u00f9 tout se vit ensemble : le charme feutr\u00e9 d&rsquo;un h\u00f4tel 5 \u00e9toiles, une table gastronomique qui sublime les produits de la r\u00e9gion, une cuisine authentique pens\u00e9e pour le partage, un Spa Caudalie install\u00e9 sous les vo\u00fbtes et une palette d&rsquo;activit\u00e9s d\u00e9di\u00e9e \u00e0 la coh\u00e9sion, l&rsquo;inspiration et au plaisir d&rsquo;\u00eatre r\u00e9unis.<\/p>\n<p>Chez nous, un \u00e9v\u00e9nement n&rsquo;est pas seulement un rendez-vous au calendrier, c&rsquo;est un moment qui rapproche, qui inspire et qui s&rsquo;inscrit durablement dans la m\u00e9moire des \u00e9quipes.<\/p>\n<\/div>\n\n                                            <a href=\"https:\/\/sources-hotels.backyou.app\/fr\/c\/request\/les-sources-de-vougeot\/?1\" target=\"_blank\"\n                    class=\"button mt-[35rem] self-center tablet:self-start\" >\n                    Demander un devis                <\/a>\n            \n        <\/div>\n\n    <\/div>\n\n<\/section>\n\n\n<section class=\"custom-block block--text-small-visual-watermark style-image-left background-theme-light\">\n\n            <h2 class=\"block-title\">Espaces<\/h2>\n    \n    <div class=\"block-content w-[255rem] flex flex-col gap-[20rem] mx-auto tablet:w-auto tablet:flex-row tablet:px-0 tablet:gap-[105rem] tablet:mx-0\">\n\n        <figure class=\"w-full h-[200rem] flex-initial relative z-[1] tablet:w-[630rem] tablet:h-[500rem]\">\n\n            <img loading=\"lazy\" decoding=\"async\" width=\"1260\" height=\"1000\" src=\"https:\/\/www.sources-hotels.com\/bourgogne\/wp-content\/uploads\/sites\/5\/2026\/03\/SDV_Salle-SeminaireRacine_\u00a9AgencePancake-1260x1000.jpg\" class=\"w-full h-full object-cover object-center relative z-[2]\" alt=\"\" \/>\n            \n        <\/figure>\n\n        <div class=\"w-full flex flex-col flex-initial z-[2] tablet:w-[500rem]\">\n\n                            <h3 class=\"text-[16rem] uppercase text-theme font-text mb-[25rem] tablet:text-[22rem]\">\n                    Un cadre unique                <\/h3>\n            \n            <div class=\"rte\"><p>2 salles de r\u00e9union :<\/p>\n<ul>\n<li>Salle Des Racines : 90m2<\/li>\n<\/ul>\n<p>Disposition en U : 30 places<br \/>\nDisposition Th\u00e9\u00e2tre : 60 places<\/p>\n<ul>\n<li>Salle Des Ailes : 90m2<\/li>\n<\/ul>\n<p>Disposition en U : 30 places<br \/>\nDisposition Th\u00e9\u00e2tre : 60 places<\/p>\n<\/div>\n\n                                            <a href=\"https:\/\/sources-hotels.backyou.app\/fr\/c\/request\/les-sources-de-vougeot\/?1\" target=\"_blank\"\n                    class=\"button mt-[35rem] self-center tablet:self-start\" >\n                    Demander un devis                <\/a>\n            \n        <\/div>\n\n    <\/div>\n\n<\/section>\n\n\n<section class=\"custom-block block--text-small-visual-watermark style-image-right background-white\">\n\n            <h2 class=\"block-title\">\u00e9v\u00e9nements priv\u00e9s et familiaux<\/h2>\n    \n    <div class=\"block-content w-[255rem] flex flex-col gap-[20rem] mx-auto tablet:w-auto tablet:flex-row tablet:px-0 tablet:gap-[105rem] tablet:mx-0\">\n\n        <figure class=\"w-full h-[200rem] flex-initial relative z-[1] tablet:w-[630rem] tablet:h-[500rem]\">\n\n            <img loading=\"lazy\" decoding=\"async\" width=\"1260\" height=\"1000\" src=\"https:\/\/www.sources-hotels.com\/bourgogne\/wp-content\/uploads\/sites\/5\/2025\/07\/Detail-feuille-de-vigne-et-lumiere_MCellard-2011-1-1260x1000.jpg\" class=\"w-full h-full object-cover object-center relative z-[2]\" alt=\"\" \/>\n            \n        <\/figure>\n\n        <div class=\"w-full flex flex-col flex-initial z-[2] tablet:w-[500rem]\">\n\n                            <h3 class=\"text-[16rem] uppercase text-theme font-text mb-[25rem] tablet:text-[22rem]\">\n                    Vos moments les plus pr\u00e9cieux dans un cadre d&rsquo;exception                <\/h3>\n            \n            <div class=\"rte\"><p data-start=\"203\" data-end=\"438\"><span class=\"hover:entity-accent entity-underline inline cursor-pointer align-baseline\"><span class=\"whitespace-normal\">Les Sources de Vougeot<\/span><\/span> mettent en sc\u00e8ne vos c\u00e9l\u00e9brations familiales dans un cadre \u00e0 la fois vivant et confidentiel.<\/p>\n<p data-start=\"440\" data-end=\"752\">Privatisation du domaine, anniversaire, bapt\u00eame ou retrouvailles, chaque banquet est pens\u00e9 comme un instant de partage, port\u00e9 par une organisation sur mesure et un service d\u2019une grande attention. Ici, les moments se vivent ensemble et autrement : dans une atmosph\u00e8re chaleureuse, authentique et naturellement raffin\u00e9e.<\/p>\n<\/div>\n\n                                            <a href=\"https:\/\/sources-hotels.backyou.app\/fr\/c\/request\/les-sources-de-vougeot\/?1\" target=\"_blank\"\n                    class=\"button mt-[35rem] self-center tablet:self-start\" >\n                    Demander un devis                <\/a>\n            \n        <\/div>\n\n    <\/div>\n\n<\/section>","protected":false},"excerpt":{"rendered":"","protected":false},"author":1,"featured_media":0,"parent":0,"menu_order":0,"comment_status":"closed","ping_status":"closed","template":"","meta":{"_acf_changed":false,"footnotes":""},"hotels":[],"doc_cat":[],"class_list":["post-351","page","type-page","status-publish","hentry"],"acf":[],"yoast_head":"<!-- This site is optimized with the Yoast SEO plugin v25.6 - https:\/\/yoast.com\/wordpress\/plugins\/seo\/ -->\n<title>\u00c9v\u00e9nements &amp; s\u00e9minaires | Les Sources de Vougeot<\/title>\n<meta name=\"description\" content=\"Organisez vos s\u00e9minaires et \u00e9v\u00e9nements priv\u00e9s \u00e0 l&#039;H\u00f4tel Les Sources de Vougeot en Bourgogne entre Dijon et Beaune au coeur du vignoble.\" \/>\n<meta name=\"robots\" content=\"index, follow, max-snippet:-1, max-image-preview:large, max-video-preview:-1\" \/>\n<link rel=\"canonical\" href=\"https:\/\/www.sources-hotels.com\/bourgogne\/evenements\/\" \/>\n<meta property=\"og:locale\" content=\"fr_FR\" \/>\n<meta property=\"og:type\" content=\"article\" \/>\n<meta property=\"og:title\" content=\"\u00c9v\u00e9nements &amp; s\u00e9minaires | Les Sources de Vougeot\" \/>\n<meta property=\"og:description\" content=\"Organisez vos s\u00e9minaires et \u00e9v\u00e9nements priv\u00e9s \u00e0 l&#039;H\u00f4tel Les Sources de Vougeot en Bourgogne entre Dijon et Beaune au coeur du vignoble.\" \/>\n<meta property=\"og:url\" content=\"https:\/\/www.sources-hotels.com\/bourgogne\/evenements\/\" \/>\n<meta property=\"og:site_name\" content=\"Les Sources de Vougeot\" \/>\n<meta property=\"article:modified_time\" content=\"2026-04-16T14:12:35+00:00\" \/>\n<meta name=\"twitter:card\" content=\"summary_large_image\" \/>\n<script type=\"application\/ld+json\" class=\"yoast-schema-graph\">{\"@context\":\"https:\/\/schema.org\",\"@graph\":[{\"@type\":\"WebPage\",\"@id\":\"https:\/\/www.sources-hotels.com\/bourgogne\/evenements\/\",\"url\":\"https:\/\/www.sources-hotels.com\/bourgogne\/evenements\/\",\"name\":\"\u00c9v\u00e9nements & s\u00e9minaires | Les Sources de Vougeot\",\"isPartOf\":{\"@id\":\"https:\/\/www.sources-hotels.com\/bourgogne\/#website\"},\"datePublished\":\"2024-12-31T13:39:35+00:00\",\"dateModified\":\"2026-04-16T14:12:35+00:00\",\"description\":\"Organisez vos s\u00e9minaires et \u00e9v\u00e9nements priv\u00e9s \u00e0 l'H\u00f4tel Les Sources de Vougeot en Bourgogne entre Dijon et Beaune au coeur du vignoble.\",\"breadcrumb\":{\"@id\":\"https:\/\/www.sources-hotels.com\/bourgogne\/evenements\/#breadcrumb\"},\"inLanguage\":\"fr-FR\",\"potentialAction\":[{\"@type\":\"ReadAction\",\"target\":[\"https:\/\/www.sources-hotels.com\/bourgogne\/evenements\/\"]}]},{\"@type\":\"BreadcrumbList\",\"@id\":\"https:\/\/www.sources-hotels.com\/bourgogne\/evenements\/#breadcrumb\",\"itemListElement\":[{\"@type\":\"ListItem\",\"position\":1,\"name\":\"Accueil\",\"item\":\"https:\/\/www.sources-hotels.com\/bourgogne\/\"},{\"@type\":\"ListItem\",\"position\":2,\"name\":\"\u00c9V\u00c9NEMENTS\"}]},{\"@type\":\"WebSite\",\"@id\":\"https:\/\/www.sources-hotels.com\/bourgogne\/#website\",\"url\":\"https:\/\/www.sources-hotels.com\/bourgogne\/\",\"name\":\"Les Sources de Vougeot\",\"description\":\"\",\"publisher\":{\"@id\":\"https:\/\/www.sources-hotels.com\/bourgogne\/#organization\"},\"potentialAction\":[{\"@type\":\"SearchAction\",\"target\":{\"@type\":\"EntryPoint\",\"urlTemplate\":\"https:\/\/www.sources-hotels.com\/bourgogne\/?s={search_term_string}\"},\"query-input\":{\"@type\":\"PropertyValueSpecification\",\"valueRequired\":true,\"valueName\":\"search_term_string\"}}],\"inLanguage\":\"fr-FR\"},{\"@type\":\"Organization\",\"@id\":\"https:\/\/www.sources-hotels.com\/bourgogne\/#organization\",\"name\":\"Les Sources de Caudalie\",\"url\":\"https:\/\/www.sources-hotels.com\/bourgogne\/\",\"logo\":{\"@type\":\"ImageObject\",\"inLanguage\":\"fr-FR\",\"@id\":\"https:\/\/www.sources-hotels.com\/bourgogne\/#\/schema\/logo\/image\/\",\"url\":\"\",\"contentUrl\":\"\",\"caption\":\"Les Sources de Caudalie\"},\"image\":{\"@id\":\"https:\/\/www.sources-hotels.com\/bourgogne\/#\/schema\/logo\/image\/\"}}]}<\/script>\n<!-- \/ Yoast SEO plugin. -->","yoast_head_json":{"title":"\u00c9v\u00e9nements & s\u00e9minaires | Les Sources de Vougeot","description":"Organisez vos s\u00e9minaires et \u00e9v\u00e9nements priv\u00e9s \u00e0 l'H\u00f4tel Les Sources de Vougeot en Bourgogne entre Dijon et Beaune au coeur du vignoble.","robots":{"index":"index","follow":"follow","max-snippet":"max-snippet:-1","max-image-preview":"max-image-preview:large","max-video-preview":"max-video-preview:-1"},"canonical":"https:\/\/www.sources-hotels.com\/bourgogne\/evenements\/","og_locale":"fr_FR","og_type":"article","og_title":"\u00c9v\u00e9nements & s\u00e9minaires | Les Sources de Vougeot","og_description":"Organisez vos s\u00e9minaires et \u00e9v\u00e9nements priv\u00e9s \u00e0 l'H\u00f4tel Les Sources de Vougeot en Bourgogne entre Dijon et Beaune au coeur du vignoble.","og_url":"https:\/\/www.sources-hotels.com\/bourgogne\/evenements\/","og_site_name":"Les Sources de Vougeot","article_modified_time":"2026-04-16T14:12:35+00:00","twitter_card":"summary_large_image","schema":{"@context":"https:\/\/schema.org","@graph":[{"@type":"WebPage","@id":"https:\/\/www.sources-hotels.com\/bourgogne\/evenements\/","url":"https:\/\/www.sources-hotels.com\/bourgogne\/evenements\/","name":"\u00c9v\u00e9nements & s\u00e9minaires | Les Sources de Vougeot","isPartOf":{"@id":"https:\/\/www.sources-hotels.com\/bourgogne\/#website"},"datePublished":"2024-12-31T13:39:35+00:00","dateModified":"2026-04-16T14:12:35+00:00","description":"Organisez vos s\u00e9minaires et \u00e9v\u00e9nements priv\u00e9s \u00e0 l'H\u00f4tel Les Sources de Vougeot en Bourgogne entre Dijon et Beaune au coeur du vignoble.","breadcrumb":{"@id":"https:\/\/www.sources-hotels.com\/bourgogne\/evenements\/#breadcrumb"},"inLanguage":"fr-FR","potentialAction":[{"@type":"ReadAction","target":["https:\/\/www.sources-hotels.com\/bourgogne\/evenements\/"]}]},{"@type":"BreadcrumbList","@id":"https:\/\/www.sources-hotels.com\/bourgogne\/evenements\/#breadcrumb","itemListElement":[{"@type":"ListItem","position":1,"name":"Accueil","item":"https:\/\/www.sources-hotels.com\/bourgogne\/"},{"@type":"ListItem","position":2,"name":"\u00c9V\u00c9NEMENTS"}]},{"@type":"WebSite","@id":"https:\/\/www.sources-hotels.com\/bourgogne\/#website","url":"https:\/\/www.sources-hotels.com\/bourgogne\/","name":"Les Sources de Vougeot","description":"","publisher":{"@id":"https:\/\/www.sources-hotels.com\/bourgogne\/#organization"},"potentialAction":[{"@type":"SearchAction","target":{"@type":"EntryPoint","urlTemplate":"https:\/\/www.sources-hotels.com\/bourgogne\/?s={search_term_string}"},"query-input":{"@type":"PropertyValueSpecification","valueRequired":true,"valueName":"search_term_string"}}],"inLanguage":"fr-FR"},{"@type":"Organization","@id":"https:\/\/www.sources-hotels.com\/bourgogne\/#organization","name":"Les Sources de Caudalie","url":"https:\/\/www.sources-hotels.com\/bourgogne\/","logo":{"@type":"ImageObject","inLanguage":"fr-FR","@id":"https:\/\/www.sources-hotels.com\/bourgogne\/#\/schema\/logo\/image\/","url":"","contentUrl":"","caption":"Les Sources de Caudalie"},"image":{"@id":"https:\/\/www.sources-hotels.com\/bourgogne\/#\/schema\/logo\/image\/"}}]}},"_links":{"self":[{"href":"https:\/\/www.sources-hotels.com\/bourgogne\/wp-json\/wp\/v2\/pages\/351","targetHints":{"allow":["GET"]}}],"collection":[{"href":"https:\/\/www.sources-hotels.com\/bourgogne\/wp-json\/wp\/v2\/pages"}],"about":[{"href":"https:\/\/www.sources-hotels.com\/bourgogne\/wp-json\/wp\/v2\/types\/page"}],"author":[{"embeddable":true,"href":"https:\/\/www.sources-hotels.com\/bourgogne\/wp-json\/wp\/v2\/users\/1"}],"replies":[{"embeddable":true,"href":"https:\/\/www.sources-hotels.com\/bourgogne\/wp-json\/wp\/v2\/comments?post=351"}],"version-history":[{"count":55,"href":"https:\/\/www.sources-hotels.com\/bourgogne\/wp-json\/wp\/v2\/pages\/351\/revisions"}],"predecessor-version":[{"id":8081,"href":"https:\/\/www.sources-hotels.com\/bourgogne\/wp-json\/wp\/v2\/pages\/351\/revisions\/8081"}],"wp:attachment":[{"href":"https:\/\/www.sources-hotels.com\/bourgogne\/wp-json\/wp\/v2\/media?parent=351"}],"wp:term":[{"taxonomy":"hotels","embeddable":true,"href":"https:\/\/www.sources-hotels.com\/bourgogne\/wp-json\/wp\/v2\/hotels?post=351"},{"taxonomy":"doc_cat","embeddable":true,"href":"https:\/\/www.sources-hotels.com\/bourgogne\/wp-json\/wp\/v2\/doc_cat?post=351"}],"curies":[{"name":"wp","href":"https:\/\/api.w.org\/{rel}","templated":true}]}}