{"id":516,"date":"2025-01-02T12:14:18","date_gmt":"2025-01-02T11:14:18","guid":{"rendered":"https:\/\/www.sources-hotels.com\/bourgogne\/?page_id=516"},"modified":"2025-10-24T14:19:26","modified_gmt":"2025-10-24T12:19:26","slug":"sport-sensations","status":"publish","type":"page","link":"https:\/\/www.sources-hotels.com\/bourgogne\/activites\/sport-sensations\/","title":{"rendered":"Sport &amp; sensations"},"content":{"rendered":"\n<section class=\"custom-block block--header h-[206rem] text-center text-white overflow-hidden pt-[100rem] relative tablet:h-[700rem] tablet:pt-[420rem]\">\n\n    <h1>\n                            Sport &amp; sensations            <\/h1>\n\n    \n    <span class=\"scroll-down hidden text-[12rem] tracking-[2rem] uppercase font-title cursor-pointer opacity-[64%] pb-[66rem] absolute left-2\/4 bottom-0 translate-x-[-50%] after:w-[1px] after:h-[50rem] after:bg-white after:opacity-[40%] after:absolute after:bottom-0 after:left-[50%] tablet:block\">\n        Voir la suite    <\/span>\n\n    <figure class=\"min-w-full min-h-full aspect-video overflow-hidden absolute top-2\/4 left-2\/4 translate-x-[-50%] translate-y-[-50%] z-[-1] before:bg-black before:opacity-[35%] before:mix-blend-multiply before:absolute before:top-0 before:left-0 before:right-0 before:bottom-0 before:z-[2]\">\n                    <img loading=\"lazy\" decoding=\"async\" width=\"2880\" height=\"1800\" src=\"https:\/\/www.sources-hotels.com\/bourgogne\/wp-content\/uploads\/sites\/5\/2025\/10\/beth-macdonald-7Y8gfWM-1dw-unsplash-2880x1800.jpg\" class=\"h-full w-full object-cover object-center\" alt=\"\" \/>            <\/figure>\n    \n<\/section>\n\n    \n\n\n<section class=\"custom-block block--cooking-classes bg-white\">\n\n            <h2 class=\"block-title\">Tennis au c\u0153ur des vignes<\/h2>\n    \n    <div class=\"content-wrapper picture-right\">\n\n        <div class=\"text\">\n\n                            <h4 class=\"subtitle\">Le plaisir du jeu dans un cadre d\u2019exception<\/h4>\n            \n                            <div class=\"content rte\">\n                    <p data-start=\"251\" data-end=\"680\">Au c\u0153ur des vignes et des paysages paisibles de la Bourgogne, notre terrain de tennis offre un cadre privil\u00e9gi\u00e9 pour se d\u00e9tendre ou partager un moment sportif en toute convivialit\u00e9. Que vous soyez joueur passionn\u00e9 ou simplement en qu\u00eate d\u2019une activit\u00e9 de plein air, profitez de l\u2019air pur, du calme environnant et d\u2019un environnement unique pour pratiquer votre service ou \u00e9changer quelques balles dans une atmosph\u00e8re inspirante.<\/p>\n                <\/div>\n            \n            \n            \n            \n            \n        <\/div>\n        <div class=\"relative\">\n            <figure class=\"image\">\n                <img loading=\"lazy\" decoding=\"async\" width=\"1260\" height=\"1000\" src=\"https:\/\/www.sources-hotels.com\/bourgogne\/wp-content\/uploads\/sites\/5\/2025\/10\/valentin-balan-k0aVMMZwqtU-unsplash-1260x1000.jpg\" class=\"h-full w-full object-cover object-center\" alt=\"\" \/>            <\/figure>\n                    <\/div>\n    <\/div>\n\n<\/section>\n\n\n<section class=\"custom-block block--cooking-classes bg-primary\">\n\n            <h2 class=\"block-title\">La Bourgogne vue du Ciel<\/h2>\n    \n    <div class=\"content-wrapper picture-left\">\n\n        <div class=\"text\">\n\n                            <h4 class=\"subtitle\">Survol en montgolfi\u00e8re<\/h4>\n            \n                            <div class=\"content rte\">\n                    <p>Survolez les vignobles de la C\u00f4te de Nuits et la plaine de la Sa\u00f4ne \u00e0 bord d\u2019une montgolfi\u00e8re.<\/p>\n<p>Au lever du soleil, le vol d\u00e9voile les villages viticoles, les clos et les ch\u00e2teaux sous une lumi\u00e8re douce et dor\u00e9e. Une exp\u00e9rience paisible et spectaculaire \u00e0 la fois, o\u00f9 l\u2019on touche du regard la magie de la Bourgogne.<\/p>\n<p>Plusieurs agences proposent des survols de la r\u00e9gion :<\/p>\n<p>-Air Escargot<\/p>\n<p>-Beaune Montgolfi\u00e8re<\/p>\n<p>-Les Ballons de Nuits<\/p>\n<p>-Les Montgolfi\u00e8res nuitones<\/p>\n<p>&nbsp;<\/p>\n                <\/div>\n            \n            \n            \n            \n            \n        <\/div>\n        <div class=\"relative\">\n            <figure class=\"image\">\n                <img loading=\"lazy\" decoding=\"async\" width=\"1260\" height=\"717\" src=\"https:\/\/www.sources-hotels.com\/bourgogne\/wp-content\/uploads\/sites\/5\/2025\/10\/montgolfiere_vignoble-1260x717.jpg\" class=\"h-full w-full object-cover object-center\" alt=\"\" \/>            <\/figure>\n                    <\/div>\n    <\/div>\n\n<\/section>\n\n\n<section class=\"custom-block block--cooking-classes bg-white\">\n\n            <h2 class=\"block-title\">Golf au coeur des vignes<\/h2>\n    \n    <div class=\"content-wrapper picture-right\">\n\n        <div class=\"text\">\n\n                            <h4 class=\"subtitle\">Swinger au rythme des paysages bourguignons<\/h4>\n            \n                            <div class=\"content rte\">\n                    <p>\u00c0 quelques kilom\u00e8tres des Sources de Vougeot, le Golf de Beaune Levernois offre une s\u00e9ance de sport au milieu des vignes et des bosquets verdoyants de la C\u00f4te de Beaune. Con\u00e7u pour s\u2019int\u00e9grer harmonieusement \u00e0 son environnement naturel, ce parcours 18 trous, l\u00e9g\u00e8rement vallonn\u00e9 et ponctu\u00e9 d\u2019\u00e9tangs, s\u00e9duit autant les golfeurs confirm\u00e9s que les d\u00e9butants.<\/p>\n<p>Dans une atmosph\u00e8re paisible, chaque trou r\u00e9v\u00e8le un panorama diff\u00e9rent sur les paysages bourguignons, entre vignes, saules et peupliers. Le parcours propose un v\u00e9ritable d\u00e9fi technique tout en invitant \u00e0 la contemplation.<\/p>\n<p>Une exp\u00e9rience authentique et \u00e9l\u00e9gante, o\u00f9 la passion du golf rencontre l\u2019art de vivre \u00e0 la bourguignonne.<\/p>\n<p>&nbsp;<\/p>\n                <\/div>\n            \n            \n            \n            \n            \n        <\/div>\n        <div class=\"relative\">\n            <figure class=\"image\">\n                <img loading=\"lazy\" decoding=\"async\" width=\"1260\" height=\"853\" src=\"https:\/\/www.sources-hotels.com\/bourgogne\/wp-content\/uploads\/sites\/5\/2025\/10\/golf_club-1260x853.jpg\" class=\"h-full w-full object-cover object-center\" alt=\"\" \/>            <\/figure>\n                    <\/div>\n    <\/div>\n\n<\/section>\n\n\n<section class=\"custom-block block--cooking-classes bg-primary\">\n\n            <h2 class=\"block-title\">Sport automobile<\/h2>\n    \n    <div class=\"content-wrapper picture-left\">\n\n        <div class=\"text\">\n\n                            <h4 class=\"subtitle\">Vibrer sur le circuit Dijon-Prenois\u00ae<\/h4>\n            \n                            <div class=\"content rte\">\n                    <p>\u00c0 45 minutes des Sources de Vougeot, le mythique circuit Dijon-Prenois\u00ae est un lieu embl\u00e9matique du sport automobile. Depuis plus de cinquante ans, il fait battre le c\u0153ur des passionn\u00e9s de vitesse.<\/p>\n<p>Aujourd\u2019hui encore, il accueille pilotes amateurs et confirm\u00e9s pour des stages de conduite ou des sessions de karting sur une piste technique et rapide, pens\u00e9e pour des sensations de pilotage inoubliables, en toute s\u00e9curit\u00e9.<\/p>\n<p>Possibilit\u00e9 \u00e9galement de venir avec votre v\u00e9hicule personnel ou de location durant les jours de roulage ou dans le cadre d\u2019\u00e9v\u00e9nements organis\u00e9s.<\/p>\n<p>&nbsp;<\/p>\n                <\/div>\n            \n            \n            \n            \n            \n        <\/div>\n        <div class=\"relative\">\n            <figure class=\"image\">\n                <img loading=\"lazy\" decoding=\"async\" width=\"1260\" height=\"853\" src=\"https:\/\/www.sources-hotels.com\/bourgogne\/wp-content\/uploads\/sites\/5\/2025\/10\/voiture_circuit-1260x853.jpg\" class=\"h-full w-full object-cover object-center\" alt=\"\" \/>            <\/figure>\n                    <\/div>\n    <\/div>\n\n<\/section>\n\n\n<section class=\"custom-block block--cooking-classes bg-white\">\n\n            <h2 class=\"block-title\">Activit\u00e9s en famille<\/h2>\n    \n    <div class=\"content-wrapper picture-right\">\n\n        <div class=\"text\">\n\n                            <h4 class=\"subtitle\">Adr\u00e9naline et fun au Parc \u00c9vasion<\/h4>\n            \n                            <div class=\"content rte\">\n                    <p>\u00c0 une trentaine de minutes des Sources de Vougeot, le Parc \u00c9vasion de Chevigny promet un concentr\u00e9 d\u2019\u00e9nergie et d\u2019aventure en pleine nature.<\/p>\n<p>Sur ses circuits de kart \u00e0 p\u00e9dales, testez votre endurance et votre esprit de comp\u00e9tition dans une ambiance ludique et conviviale.<\/p>\n<p>Entre deux courses, profitez des parcours d\u2019activit\u00e9s et des espaces de d\u00e9tente pour vivre un moment sportif et joyeux, id\u00e9al en famille ou entre amis : tir \u00e0 l&rsquo;arc, Escape Game, accrobranche.<\/p>\n                <\/div>\n            \n            \n            \n            \n            \n        <\/div>\n        <div class=\"relative\">\n            <figure class=\"image\">\n                <img loading=\"lazy\" decoding=\"async\" width=\"1260\" height=\"853\" src=\"https:\/\/www.sources-hotels.com\/bourgogne\/wp-content\/uploads\/sites\/5\/2025\/10\/accrobranche-1260x853.jpg\" class=\"h-full w-full object-cover object-center\" alt=\"\" \/>            <\/figure>\n                    <\/div>\n    <\/div>\n\n<\/section>\n\n\n<section class=\"custom-block block--cooking-classes bg-primary\">\n\n            <h2 class=\"block-title\">Promenade \u00e0 cheval<\/h2>\n    \n    <div class=\"content-wrapper picture-left\">\n\n        <div class=\"text\">\n\n                            <h4 class=\"subtitle\">Au c\u0153ur des vignes de Bourgogne<\/h4>\n            \n                            <div class=\"content rte\">\n                    <p data-start=\"279\" data-end=\"584\">Partez \u00e0 la d\u00e9couverte des paysages bourguignons lors d\u2019une promenade \u00e0 cheval, entre vignes, for\u00eats et sentiers vallonn\u00e9s.<br data-start=\"402\" data-end=\"405\" \/>Mountain Farm, situ\u00e9e \u00e0 Morey-Saint-Denis, vous accueille pour une exp\u00e9rience authentique et accessible \u00e0 tous les niveaux, que vous soyez cavalier d\u00e9butant ou confirm\u00e9.<\/p>\n<p data-start=\"586\" data-end=\"847\">Accompagn\u00e9s d\u2019un guide passionn\u00e9, vous explorerez la C\u00f4te de Nuits autrement, au rythme du pas des chevaux, dans une atmosph\u00e8re paisible et naturelle. Chaque sortie peut \u00eatre privatis\u00e9e pour un moment sur mesure, id\u00e9al en couple, en famille ou entre amis.<\/p>\n<p data-start=\"849\" data-end=\"930\">Une immersion bucolique au c\u0153ur du vignoble, pour vivre la Bourgogne autrement.<\/p>\n                <\/div>\n            \n            \n            \n            \n            \n        <\/div>\n        <div class=\"relative\">\n            <figure class=\"image\">\n                <img loading=\"lazy\" decoding=\"async\" width=\"1260\" height=\"1000\" src=\"https:\/\/www.sources-hotels.com\/bourgogne\/wp-content\/uploads\/sites\/5\/2025\/10\/james-seddon-f6pNBmMeQiY-unsplash-1260x1000.jpg\" class=\"h-full w-full object-cover object-center\" alt=\"\" \/>            <\/figure>\n                    <\/div>\n    <\/div>\n\n<\/section>","protected":false},"excerpt":{"rendered":"","protected":false},"author":1,"featured_media":0,"parent":311,"menu_order":0,"comment_status":"closed","ping_status":"closed","template":"","meta":{"_acf_changed":false,"footnotes":""},"hotels":[],"doc_cat":[],"class_list":["post-516","page","type-page","status-publish","hentry"],"acf":[],"yoast_head":"<!-- This site is optimized with the Yoast SEO plugin v25.6 - https:\/\/yoast.com\/wordpress\/plugins\/seo\/ -->\n<title>S\u00e9jours Sport &amp; Bien-\u00eatre \u00e0 Bordeaux | Les Sources de Caudalie<\/title>\n<meta name=\"description\" content=\"S\u00e9journez aux Sources de Caudalie et profitez de nos activit\u00e9s exclusives. En famille, en duo ou entre amis. Une multitude d&#039;activit\u00e9s pour tous les go\u00fbts.\" \/>\n<meta name=\"robots\" content=\"index, follow, max-snippet:-1, max-image-preview:large, max-video-preview:-1\" \/>\n<link rel=\"canonical\" href=\"https:\/\/www.sources-hotels.com\/bourgogne\/activites\/sport-sensations\/\" \/>\n<meta property=\"og:locale\" content=\"fr_FR\" \/>\n<meta property=\"og:type\" content=\"article\" \/>\n<meta property=\"og:title\" content=\"S\u00e9jours Sport &amp; Bien-\u00eatre \u00e0 Bordeaux | Les Sources de Caudalie\" \/>\n<meta property=\"og:description\" content=\"S\u00e9journez aux Sources de Caudalie et profitez de nos activit\u00e9s exclusives. En famille, en duo ou entre amis. Une multitude d&#039;activit\u00e9s pour tous les go\u00fbts.\" \/>\n<meta property=\"og:url\" content=\"https:\/\/www.sources-hotels.com\/bourgogne\/activites\/sport-sensations\/\" \/>\n<meta property=\"og:site_name\" content=\"Les Sources de Vougeot\" \/>\n<meta property=\"article:modified_time\" content=\"2025-10-24T12:19:26+00:00\" \/>\n<meta name=\"twitter:card\" content=\"summary_large_image\" \/>\n<script type=\"application\/ld+json\" class=\"yoast-schema-graph\">{\"@context\":\"https:\/\/schema.org\",\"@graph\":[{\"@type\":\"WebPage\",\"@id\":\"https:\/\/www.sources-hotels.com\/bourgogne\/activites\/sport-sensations\/\",\"url\":\"https:\/\/www.sources-hotels.com\/bourgogne\/activites\/sport-sensations\/\",\"name\":\"S\u00e9jours Sport & Bien-\u00eatre \u00e0 Bordeaux | Les Sources de Caudalie\",\"isPartOf\":{\"@id\":\"https:\/\/www.sources-hotels.com\/bourgogne\/#website\"},\"datePublished\":\"2025-01-02T11:14:18+00:00\",\"dateModified\":\"2025-10-24T12:19:26+00:00\",\"description\":\"S\u00e9journez aux Sources de Caudalie et profitez de nos activit\u00e9s exclusives. En famille, en duo ou entre amis. Une multitude d'activit\u00e9s pour tous les go\u00fbts.\",\"breadcrumb\":{\"@id\":\"https:\/\/www.sources-hotels.com\/bourgogne\/activites\/sport-sensations\/#breadcrumb\"},\"inLanguage\":\"fr-FR\",\"potentialAction\":[{\"@type\":\"ReadAction\",\"target\":[\"https:\/\/www.sources-hotels.com\/bourgogne\/activites\/sport-sensations\/\"]}]},{\"@type\":\"BreadcrumbList\",\"@id\":\"https:\/\/www.sources-hotels.com\/bourgogne\/activites\/sport-sensations\/#breadcrumb\",\"itemListElement\":[{\"@type\":\"ListItem\",\"position\":1,\"name\":\"Accueil\",\"item\":\"https:\/\/www.sources-hotels.com\/bourgogne\/\"},{\"@type\":\"ListItem\",\"position\":2,\"name\":\"Activit\u00e9s\",\"item\":\"https:\/\/www.sources-hotels.com\/bourgogne\/activites\/\"},{\"@type\":\"ListItem\",\"position\":3,\"name\":\"Sport &amp; sensations\"}]},{\"@type\":\"WebSite\",\"@id\":\"https:\/\/www.sources-hotels.com\/bourgogne\/#website\",\"url\":\"https:\/\/www.sources-hotels.com\/bourgogne\/\",\"name\":\"Les Sources de Vougeot\",\"description\":\"\",\"publisher\":{\"@id\":\"https:\/\/www.sources-hotels.com\/bourgogne\/#organization\"},\"potentialAction\":[{\"@type\":\"SearchAction\",\"target\":{\"@type\":\"EntryPoint\",\"urlTemplate\":\"https:\/\/www.sources-hotels.com\/bourgogne\/?s={search_term_string}\"},\"query-input\":{\"@type\":\"PropertyValueSpecification\",\"valueRequired\":true,\"valueName\":\"search_term_string\"}}],\"inLanguage\":\"fr-FR\"},{\"@type\":\"Organization\",\"@id\":\"https:\/\/www.sources-hotels.com\/bourgogne\/#organization\",\"name\":\"Les Sources de Caudalie\",\"url\":\"https:\/\/www.sources-hotels.com\/bourgogne\/\",\"logo\":{\"@type\":\"ImageObject\",\"inLanguage\":\"fr-FR\",\"@id\":\"https:\/\/www.sources-hotels.com\/bourgogne\/#\/schema\/logo\/image\/\",\"url\":\"\",\"contentUrl\":\"\",\"caption\":\"Les Sources de Caudalie\"},\"image\":{\"@id\":\"https:\/\/www.sources-hotels.com\/bourgogne\/#\/schema\/logo\/image\/\"}}]}<\/script>\n<!-- \/ Yoast SEO plugin. -->","yoast_head_json":{"title":"S\u00e9jours Sport & Bien-\u00eatre \u00e0 Bordeaux | Les Sources de Caudalie","description":"S\u00e9journez aux Sources de Caudalie et profitez de nos activit\u00e9s exclusives. En famille, en duo ou entre amis. Une multitude d'activit\u00e9s pour tous les go\u00fbts.","robots":{"index":"index","follow":"follow","max-snippet":"max-snippet:-1","max-image-preview":"max-image-preview:large","max-video-preview":"max-video-preview:-1"},"canonical":"https:\/\/www.sources-hotels.com\/bourgogne\/activites\/sport-sensations\/","og_locale":"fr_FR","og_type":"article","og_title":"S\u00e9jours Sport & Bien-\u00eatre \u00e0 Bordeaux | Les Sources de Caudalie","og_description":"S\u00e9journez aux Sources de Caudalie et profitez de nos activit\u00e9s exclusives. En famille, en duo ou entre amis. Une multitude d'activit\u00e9s pour tous les go\u00fbts.","og_url":"https:\/\/www.sources-hotels.com\/bourgogne\/activites\/sport-sensations\/","og_site_name":"Les Sources de Vougeot","article_modified_time":"2025-10-24T12:19:26+00:00","twitter_card":"summary_large_image","schema":{"@context":"https:\/\/schema.org","@graph":[{"@type":"WebPage","@id":"https:\/\/www.sources-hotels.com\/bourgogne\/activites\/sport-sensations\/","url":"https:\/\/www.sources-hotels.com\/bourgogne\/activites\/sport-sensations\/","name":"S\u00e9jours Sport & Bien-\u00eatre \u00e0 Bordeaux | Les Sources de Caudalie","isPartOf":{"@id":"https:\/\/www.sources-hotels.com\/bourgogne\/#website"},"datePublished":"2025-01-02T11:14:18+00:00","dateModified":"2025-10-24T12:19:26+00:00","description":"S\u00e9journez aux Sources de Caudalie et profitez de nos activit\u00e9s exclusives. En famille, en duo ou entre amis. Une multitude d'activit\u00e9s pour tous les go\u00fbts.","breadcrumb":{"@id":"https:\/\/www.sources-hotels.com\/bourgogne\/activites\/sport-sensations\/#breadcrumb"},"inLanguage":"fr-FR","potentialAction":[{"@type":"ReadAction","target":["https:\/\/www.sources-hotels.com\/bourgogne\/activites\/sport-sensations\/"]}]},{"@type":"BreadcrumbList","@id":"https:\/\/www.sources-hotels.com\/bourgogne\/activites\/sport-sensations\/#breadcrumb","itemListElement":[{"@type":"ListItem","position":1,"name":"Accueil","item":"https:\/\/www.sources-hotels.com\/bourgogne\/"},{"@type":"ListItem","position":2,"name":"Activit\u00e9s","item":"https:\/\/www.sources-hotels.com\/bourgogne\/activites\/"},{"@type":"ListItem","position":3,"name":"Sport &amp; sensations"}]},{"@type":"WebSite","@id":"https:\/\/www.sources-hotels.com\/bourgogne\/#website","url":"https:\/\/www.sources-hotels.com\/bourgogne\/","name":"Les Sources de Vougeot","description":"","publisher":{"@id":"https:\/\/www.sources-hotels.com\/bourgogne\/#organization"},"potentialAction":[{"@type":"SearchAction","target":{"@type":"EntryPoint","urlTemplate":"https:\/\/www.sources-hotels.com\/bourgogne\/?s={search_term_string}"},"query-input":{"@type":"PropertyValueSpecification","valueRequired":true,"valueName":"search_term_string"}}],"inLanguage":"fr-FR"},{"@type":"Organization","@id":"https:\/\/www.sources-hotels.com\/bourgogne\/#organization","name":"Les Sources de Caudalie","url":"https:\/\/www.sources-hotels.com\/bourgogne\/","logo":{"@type":"ImageObject","inLanguage":"fr-FR","@id":"https:\/\/www.sources-hotels.com\/bourgogne\/#\/schema\/logo\/image\/","url":"","contentUrl":"","caption":"Les Sources de Caudalie"},"image":{"@id":"https:\/\/www.sources-hotels.com\/bourgogne\/#\/schema\/logo\/image\/"}}]}},"_links":{"self":[{"href":"https:\/\/www.sources-hotels.com\/bourgogne\/wp-json\/wp\/v2\/pages\/516","targetHints":{"allow":["GET"]}}],"collection":[{"href":"https:\/\/www.sources-hotels.com\/bourgogne\/wp-json\/wp\/v2\/pages"}],"about":[{"href":"https:\/\/www.sources-hotels.com\/bourgogne\/wp-json\/wp\/v2\/types\/page"}],"author":[{"embeddable":true,"href":"https:\/\/www.sources-hotels.com\/bourgogne\/wp-json\/wp\/v2\/users\/1"}],"replies":[{"embeddable":true,"href":"https:\/\/www.sources-hotels.com\/bourgogne\/wp-json\/wp\/v2\/comments?post=516"}],"version-history":[{"count":52,"href":"https:\/\/www.sources-hotels.com\/bourgogne\/wp-json\/wp\/v2\/pages\/516\/revisions"}],"predecessor-version":[{"id":5904,"href":"https:\/\/www.sources-hotels.com\/bourgogne\/wp-json\/wp\/v2\/pages\/516\/revisions\/5904"}],"up":[{"embeddable":true,"href":"https:\/\/www.sources-hotels.com\/bourgogne\/wp-json\/wp\/v2\/pages\/311"}],"wp:attachment":[{"href":"https:\/\/www.sources-hotels.com\/bourgogne\/wp-json\/wp\/v2\/media?parent=516"}],"wp:term":[{"taxonomy":"hotels","embeddable":true,"href":"https:\/\/www.sources-hotels.com\/bourgogne\/wp-json\/wp\/v2\/hotels?post=516"},{"taxonomy":"doc_cat","embeddable":true,"href":"https:\/\/www.sources-hotels.com\/bourgogne\/wp-json\/wp\/v2\/doc_cat?post=516"}],"curies":[{"name":"wp","href":"https:\/\/api.w.org\/{rel}","templated":true}]}}