{"id":6460,"date":"2026-02-16T14:55:10","date_gmt":"2026-02-16T13:55:10","guid":{"rendered":"https:\/\/www.sources-hotels.com\/bourgogne\/?page_id=6460"},"modified":"2026-03-27T17:43:55","modified_gmt":"2026-03-27T16:43:55","slug":"restaurant-lauberge-des-citeaux","status":"publish","type":"page","link":"https:\/\/www.sources-hotels.com\/bourgogne\/restaurant-lauberge-des-citeaux\/","title":{"rendered":"Restaurant L&rsquo;Auberge des C\u00eeteaux"},"content":{"rendered":"\n<section class=\"custom-block block--header h-[206rem] text-center text-white overflow-hidden pt-[100rem] relative tablet:h-[700rem] tablet:pt-[420rem]\">\n\n    <h1>\n                            L&rsquo;AUBERGE DES C\u00ceTEAUX            <\/h1>\n\n    \n    <span class=\"scroll-down hidden text-[12rem] tracking-[2rem] uppercase font-title cursor-pointer opacity-[64%] pb-[66rem] absolute left-2\/4 bottom-0 translate-x-[-50%] after:w-[1px] after:h-[50rem] after:bg-white after:opacity-[40%] after:absolute after:bottom-0 after:left-[50%] tablet:block\">\n        Voir la suite    <\/span>\n\n    <figure class=\"min-w-full min-h-full aspect-video overflow-hidden absolute top-2\/4 left-2\/4 translate-x-[-50%] translate-y-[-50%] z-[-1] before:bg-black before:opacity-[35%] before:mix-blend-multiply before:absolute before:top-0 before:left-0 before:right-0 before:bottom-0 before:z-[2]\">\n                    <img loading=\"lazy\" decoding=\"async\" width=\"2880\" height=\"1800\" src=\"https:\/\/www.sources-hotels.com\/bourgogne\/wp-content\/uploads\/sites\/5\/2026\/03\/SDV_LAubergedesCiteaux_\u00a9AgencePancake-4-2880x1800.jpg\" class=\"h-full w-full object-cover object-center\" alt=\"\" \/>            <\/figure>\n    \n<\/section>\n\n    \n\n\n<section class=\"custom-block block--restaurant-details\">\n  <div class=\"row-details row-1\">\n          <div class=\"hour icon-text\">\n        <svg width=\"20\" height=\"20\" viewBox=\"0 0 20 20\" fill=\"none\"><use xlink:href=\"#clock\"\/><\/svg><p>Ouvert tous les jours de 12h00 \u00e0 13h30 et de 19h00 \u00e0 21h30<\/p>\n      <\/div>\n              <div class=\"mail icon-text\">Informations : <a href=\"mailto:reservations@sources-vougeot.com\">reservations@sources-vougeot.com<\/a><\/div>\n    \n          <div class=\"phone icon-text\">T\u00e9l : <a href=\"tel:+33 (0)3 80 23 22 22\">+33 (0)3 80 23 22 22<\/a><\/div>\n      <\/div>\n      <div class=\"row-details row-2\">\n              <div class=\"link-details\">\n            <a href=\"https:\/\/www.sources-hotels.com\/bourgogne\/wp-content\/uploads\/sites\/5\/2026\/02\/Menu-FR-LAuberge-des-Citeaux.pdf\"  target=\"_blank\" class=\"cta-resto-details\" >\n          <span class=\"picto\"><svg width=\"14\" height=\"13\" viewBox=\"0 0 14 13\" fill=\"none\"><use xlink:href=\"#download\"\/><\/svg><\/span>\n        Menu L&rsquo;Auberge des C\u00eeteaux  <\/a>\n        <\/div>\n              <div class=\"link-details\">\n            <a href=\"https:\/\/www.sources-hotels.com\/bourgogne\/wp-content\/uploads\/sites\/5\/2026\/02\/Carte-des-vins-FR-LAuberge-des-Citeaux.pdf\"  target=\"_blank\" class=\"cta-resto-details\" >\n          <span class=\"picto\"><svg width=\"14\" height=\"13\" viewBox=\"0 0 14 13\" fill=\"none\"><use xlink:href=\"#download\"\/><\/svg><\/span>\n        Carte des vins  <\/a>\n        <\/div>\n              <div class=\"link-details\">\n            <a href=\"https:\/\/www.sources-hotels.com\/bourgogne\/wp-content\/uploads\/sites\/5\/2026\/02\/Menu-Enfant-FR-LAuberge-des-Citeaux.pdf\"  target=\"_blank\" class=\"cta-resto-details\" >\n          <span class=\"picto\"><svg width=\"14\" height=\"13\" viewBox=\"0 0 14 13\" fill=\"none\"><use xlink:href=\"#download\"\/><\/svg><\/span>\n        Menu enfant  <\/a>\n        <\/div>\n          <\/div>\n  <\/section>\n\n\n<section class=\"custom-block block--cooking-classes bg-primary\">\n\n            <h2 class=\"block-title\">L\u2019Auberge des C\u00eeteaux<\/h2>\n    \n    <div class=\"content-wrapper picture-left\">\n\n        <div class=\"text\">\n\n            \n                            <div class=\"content rte\">\n                    <p><span style=\"font-weight: 400\">Poussez la porte de L\u2019Auberge des C\u00eeteaux et laissez-vous guider \u00e0 votre table, \u00e0 l\u2019heure du d\u00e9jeuner ou du d\u00eener.<\/span><span style=\"font-weight: 400\"><br \/>\n<\/span><b><\/b><\/p>\n<p>En cuisine, on retrouve le Chef Julien Martin, dont le savoir-faire s\u2019est aiguis\u00e9 aux Sources de Caudalie et aux Sources de Cheverny. Ce Bourguignon d\u2019origine rend un hommage sinc\u00e8re \u00e0 son terroir avec une cuisine authentique et g\u00e9n\u00e9reuse, qui capture l\u2019esprit de la r\u00e9gion avec une touche de modernit\u00e9 audacieuse.<\/p>\n<p>Red\u00e9couvrez les grandes sp\u00e9cialit\u00e9s locales \u00e0 travers des cr\u00e9ations inoubliables, d\u00e9licatement accompagn\u00e9es d\u2019une s\u00e9lection exigeante de vins de Bourgogne.<\/p>\n                <\/div>\n            \n            \n            \n            \n                            <div class=\"cta-wrapper\">\n                      <a href=\"https:\/\/ib.guestonline.fr\/instabook\/bookings\/blJl4aP\/selection\"  target=\"_blank\" class=\"button\" >\n        R\u00e9server  <\/a>\n                <\/div>\n            \n        <\/div>\n        <div class=\"relative\">\n            <figure class=\"image\">\n                <img loading=\"lazy\" decoding=\"async\" width=\"1260\" height=\"1000\" src=\"https:\/\/www.sources-hotels.com\/bourgogne\/wp-content\/uploads\/sites\/5\/2026\/03\/SDV_LAubergedesCiteaux_MoelleuxdePoisson_\u00a9AgencePancake-3-1260x1000.jpg\" class=\"h-full w-full object-cover object-center\" alt=\"\" \/>            <\/figure>\n                    <\/div>\n    <\/div>\n\n<\/section>\n\n\n<section class=\"custom-block block--cooking-classes bg-white\">\n\n            <h2 class=\"block-title\">Une atmosph\u00e8re chaleureuse<\/h2>\n    \n    <div class=\"content-wrapper picture-right\">\n\n        <div class=\"text\">\n\n            \n                            <div class=\"content rte\">\n                    <p data-start=\"293\" data-end=\"465\">Baign\u00e9e de lumi\u00e8re naturelle gr\u00e2ce \u00e0 de grandes baies vitr\u00e9es, la salle d\u00e9voile une architecture sobre et chaleureuse, domin\u00e9e par une magnifique charpente peinte en blanc.<\/p>\n<p data-start=\"467\" data-end=\"698\">Inspir\u00e9 de l\u2019esprit d\u2019un bistrot contemporain, l\u2019am\u00e9nagement associe tables sans nappes, banquettes et chaises individuelles, tandis que la vaisselle en porcelaine fleurie \u00e9voque avec d\u00e9licatesse l\u2019\u00e2me de la campagne bourguignonne.<\/p>\n<p data-start=\"700\" data-end=\"904\">D\u00e8s le retour des beaux jours, l\u2019exp\u00e9rience se prolonge \u00e0 l\u2019ext\u00e9rieur. La terrasse offre une vue imprenable sur le ch\u00e2teau et invite \u00e0 savourer un repas dans un cadre bucolique, pr\u00e8s de la jolie fontaine.<\/p>\n<p data-start=\"906\" data-end=\"1077\">L\u2019ensemble compose un lieu propice aux moments de partage, dans une atmosph\u00e8re g\u00e9n\u00e9reuse et chaleureuse, fid\u00e8le \u00e0 l\u2019esprit bourguignon.<\/p>\n                <\/div>\n            \n            \n            \n            \n            \n        <\/div>\n        <div class=\"relative\">\n            <figure class=\"image\">\n                <img loading=\"lazy\" decoding=\"async\" width=\"1260\" height=\"1000\" src=\"https:\/\/www.sources-hotels.com\/bourgogne\/wp-content\/uploads\/sites\/5\/2026\/03\/SDV_LAubergedesCiteaux_\u00a9AgencePancake-10-1260x1000.jpg\" class=\"h-full w-full object-cover object-center\" alt=\"\" \/>            <\/figure>\n                    <\/div>\n    <\/div>\n\n<\/section>\n\n<section class=\"custom-block block--three-visuals-cta mx-auto text-center\">\n\n                    <div class=\"images\">\n                            <div class=\"relative\">\n                    <figure>\n                        <img loading=\"lazy\" decoding=\"async\" width=\"840\" height=\"600\" src=\"https:\/\/www.sources-hotels.com\/bourgogne\/wp-content\/uploads\/sites\/5\/2026\/03\/SDV_LAubergedesCiteaux_Jambonpersille_\u00a9AgencePancake-2-e1774629252666-840x600.jpg\" class=\"w-full h-full object-cover object-center\" alt=\"\" \/>                    <\/figure>\n                                    <\/div>\n                            <div class=\"relative\">\n                    <figure>\n                        <img loading=\"lazy\" decoding=\"async\" width=\"840\" height=\"600\" src=\"https:\/\/www.sources-hotels.com\/bourgogne\/wp-content\/uploads\/sites\/5\/2026\/03\/SDV_LAubergedesCiteaux_Volaille_\u00a9AgencePancake-1-e1774629357435-840x600.jpg\" class=\"w-full h-full object-cover object-center\" alt=\"\" \/>                    <\/figure>\n                                    <\/div>\n                            <div class=\"relative\">\n                    <figure>\n                        <img loading=\"lazy\" decoding=\"async\" width=\"840\" height=\"600\" src=\"https:\/\/www.sources-hotels.com\/bourgogne\/wp-content\/uploads\/sites\/5\/2026\/03\/SDV_LAubergedesCiteaux_Pommesde12h_\u00a9AgencePancake-3-e1774629435748-840x600.jpg\" class=\"w-full h-full object-cover object-center\" alt=\"\" \/>                    <\/figure>\n                                    <\/div>\n                    <\/div>\n    \n\n    \n\n\n\n<\/section>","protected":false},"excerpt":{"rendered":"","protected":false},"author":12,"featured_media":0,"parent":0,"menu_order":0,"comment_status":"closed","ping_status":"closed","template":"","meta":{"_acf_changed":false,"footnotes":""},"hotels":[],"doc_cat":[],"class_list":["post-6460","page","type-page","status-publish","hentry"],"acf":[],"yoast_head":"<!-- This site is optimized with the Yoast SEO plugin v25.6 - https:\/\/yoast.com\/wordpress\/plugins\/seo\/ -->\n<title>Restaurant L&#039;Auberge des C\u00eeteaux - Les Sources de Vougeot<\/title>\n<meta name=\"description\" content=\"A Gilly-Les-C\u00eeteaux, \u00e0 2 pas du Ch\u00e2teau du Clos de Vougeot, L&#039;Auberge des C\u00eeteaux. Cuisine terroir bourguignon. R\u00e9servation en ligne\" \/>\n<meta name=\"robots\" content=\"index, follow, max-snippet:-1, max-image-preview:large, max-video-preview:-1\" \/>\n<link rel=\"canonical\" href=\"https:\/\/www.sources-hotels.com\/bourgogne\/restaurant-lauberge-des-citeaux\/\" \/>\n<meta property=\"og:locale\" content=\"fr_FR\" \/>\n<meta property=\"og:type\" content=\"article\" \/>\n<meta property=\"og:title\" content=\"Restaurant L&#039;Auberge des C\u00eeteaux - Les Sources de Vougeot\" \/>\n<meta property=\"og:description\" content=\"A Gilly-Les-C\u00eeteaux, \u00e0 2 pas du Ch\u00e2teau du Clos de Vougeot, L&#039;Auberge des C\u00eeteaux. Cuisine terroir bourguignon. R\u00e9servation en ligne\" \/>\n<meta property=\"og:url\" content=\"https:\/\/www.sources-hotels.com\/bourgogne\/restaurant-lauberge-des-citeaux\/\" \/>\n<meta property=\"og:site_name\" content=\"Les Sources de Vougeot\" \/>\n<meta property=\"article:modified_time\" content=\"2026-03-27T16:43:55+00:00\" \/>\n<meta name=\"twitter:card\" content=\"summary_large_image\" \/>\n<script type=\"application\/ld+json\" class=\"yoast-schema-graph\">{\"@context\":\"https:\/\/schema.org\",\"@graph\":[{\"@type\":\"WebPage\",\"@id\":\"https:\/\/www.sources-hotels.com\/bourgogne\/restaurant-lauberge-des-citeaux\/\",\"url\":\"https:\/\/www.sources-hotels.com\/bourgogne\/restaurant-lauberge-des-citeaux\/\",\"name\":\"Restaurant L'Auberge des C\u00eeteaux - Les Sources de Vougeot\",\"isPartOf\":{\"@id\":\"https:\/\/www.sources-hotels.com\/bourgogne\/#website\"},\"datePublished\":\"2026-02-16T13:55:10+00:00\",\"dateModified\":\"2026-03-27T16:43:55+00:00\",\"description\":\"A Gilly-Les-C\u00eeteaux, \u00e0 2 pas du Ch\u00e2teau du Clos de Vougeot, L'Auberge des C\u00eeteaux. Cuisine terroir bourguignon. R\u00e9servation en ligne\",\"breadcrumb\":{\"@id\":\"https:\/\/www.sources-hotels.com\/bourgogne\/restaurant-lauberge-des-citeaux\/#breadcrumb\"},\"inLanguage\":\"fr-FR\",\"potentialAction\":[{\"@type\":\"ReadAction\",\"target\":[\"https:\/\/www.sources-hotels.com\/bourgogne\/restaurant-lauberge-des-citeaux\/\"]}]},{\"@type\":\"BreadcrumbList\",\"@id\":\"https:\/\/www.sources-hotels.com\/bourgogne\/restaurant-lauberge-des-citeaux\/#breadcrumb\",\"itemListElement\":[{\"@type\":\"ListItem\",\"position\":1,\"name\":\"Accueil\",\"item\":\"https:\/\/www.sources-hotels.com\/bourgogne\/\"},{\"@type\":\"ListItem\",\"position\":2,\"name\":\"Restaurant L&rsquo;Auberge des C\u00eeteaux\"}]},{\"@type\":\"WebSite\",\"@id\":\"https:\/\/www.sources-hotels.com\/bourgogne\/#website\",\"url\":\"https:\/\/www.sources-hotels.com\/bourgogne\/\",\"name\":\"Les Sources de Vougeot\",\"description\":\"\",\"publisher\":{\"@id\":\"https:\/\/www.sources-hotels.com\/bourgogne\/#organization\"},\"potentialAction\":[{\"@type\":\"SearchAction\",\"target\":{\"@type\":\"EntryPoint\",\"urlTemplate\":\"https:\/\/www.sources-hotels.com\/bourgogne\/?s={search_term_string}\"},\"query-input\":{\"@type\":\"PropertyValueSpecification\",\"valueRequired\":true,\"valueName\":\"search_term_string\"}}],\"inLanguage\":\"fr-FR\"},{\"@type\":\"Organization\",\"@id\":\"https:\/\/www.sources-hotels.com\/bourgogne\/#organization\",\"name\":\"Les Sources de Caudalie\",\"url\":\"https:\/\/www.sources-hotels.com\/bourgogne\/\",\"logo\":{\"@type\":\"ImageObject\",\"inLanguage\":\"fr-FR\",\"@id\":\"https:\/\/www.sources-hotels.com\/bourgogne\/#\/schema\/logo\/image\/\",\"url\":\"\",\"contentUrl\":\"\",\"caption\":\"Les Sources de Caudalie\"},\"image\":{\"@id\":\"https:\/\/www.sources-hotels.com\/bourgogne\/#\/schema\/logo\/image\/\"}}]}<\/script>\n<!-- \/ Yoast SEO plugin. -->","yoast_head_json":{"title":"Restaurant L'Auberge des C\u00eeteaux - Les Sources de Vougeot","description":"A Gilly-Les-C\u00eeteaux, \u00e0 2 pas du Ch\u00e2teau du Clos de Vougeot, L'Auberge des C\u00eeteaux. Cuisine terroir bourguignon. R\u00e9servation en ligne","robots":{"index":"index","follow":"follow","max-snippet":"max-snippet:-1","max-image-preview":"max-image-preview:large","max-video-preview":"max-video-preview:-1"},"canonical":"https:\/\/www.sources-hotels.com\/bourgogne\/restaurant-lauberge-des-citeaux\/","og_locale":"fr_FR","og_type":"article","og_title":"Restaurant L'Auberge des C\u00eeteaux - Les Sources de Vougeot","og_description":"A Gilly-Les-C\u00eeteaux, \u00e0 2 pas du Ch\u00e2teau du Clos de Vougeot, L'Auberge des C\u00eeteaux. Cuisine terroir bourguignon. R\u00e9servation en ligne","og_url":"https:\/\/www.sources-hotels.com\/bourgogne\/restaurant-lauberge-des-citeaux\/","og_site_name":"Les Sources de Vougeot","article_modified_time":"2026-03-27T16:43:55+00:00","twitter_card":"summary_large_image","schema":{"@context":"https:\/\/schema.org","@graph":[{"@type":"WebPage","@id":"https:\/\/www.sources-hotels.com\/bourgogne\/restaurant-lauberge-des-citeaux\/","url":"https:\/\/www.sources-hotels.com\/bourgogne\/restaurant-lauberge-des-citeaux\/","name":"Restaurant L'Auberge des C\u00eeteaux - Les Sources de Vougeot","isPartOf":{"@id":"https:\/\/www.sources-hotels.com\/bourgogne\/#website"},"datePublished":"2026-02-16T13:55:10+00:00","dateModified":"2026-03-27T16:43:55+00:00","description":"A Gilly-Les-C\u00eeteaux, \u00e0 2 pas du Ch\u00e2teau du Clos de Vougeot, L'Auberge des C\u00eeteaux. Cuisine terroir bourguignon. R\u00e9servation en ligne","breadcrumb":{"@id":"https:\/\/www.sources-hotels.com\/bourgogne\/restaurant-lauberge-des-citeaux\/#breadcrumb"},"inLanguage":"fr-FR","potentialAction":[{"@type":"ReadAction","target":["https:\/\/www.sources-hotels.com\/bourgogne\/restaurant-lauberge-des-citeaux\/"]}]},{"@type":"BreadcrumbList","@id":"https:\/\/www.sources-hotels.com\/bourgogne\/restaurant-lauberge-des-citeaux\/#breadcrumb","itemListElement":[{"@type":"ListItem","position":1,"name":"Accueil","item":"https:\/\/www.sources-hotels.com\/bourgogne\/"},{"@type":"ListItem","position":2,"name":"Restaurant L&rsquo;Auberge des C\u00eeteaux"}]},{"@type":"WebSite","@id":"https:\/\/www.sources-hotels.com\/bourgogne\/#website","url":"https:\/\/www.sources-hotels.com\/bourgogne\/","name":"Les Sources de Vougeot","description":"","publisher":{"@id":"https:\/\/www.sources-hotels.com\/bourgogne\/#organization"},"potentialAction":[{"@type":"SearchAction","target":{"@type":"EntryPoint","urlTemplate":"https:\/\/www.sources-hotels.com\/bourgogne\/?s={search_term_string}"},"query-input":{"@type":"PropertyValueSpecification","valueRequired":true,"valueName":"search_term_string"}}],"inLanguage":"fr-FR"},{"@type":"Organization","@id":"https:\/\/www.sources-hotels.com\/bourgogne\/#organization","name":"Les Sources de Caudalie","url":"https:\/\/www.sources-hotels.com\/bourgogne\/","logo":{"@type":"ImageObject","inLanguage":"fr-FR","@id":"https:\/\/www.sources-hotels.com\/bourgogne\/#\/schema\/logo\/image\/","url":"","contentUrl":"","caption":"Les Sources de Caudalie"},"image":{"@id":"https:\/\/www.sources-hotels.com\/bourgogne\/#\/schema\/logo\/image\/"}}]}},"_links":{"self":[{"href":"https:\/\/www.sources-hotels.com\/bourgogne\/wp-json\/wp\/v2\/pages\/6460","targetHints":{"allow":["GET"]}}],"collection":[{"href":"https:\/\/www.sources-hotels.com\/bourgogne\/wp-json\/wp\/v2\/pages"}],"about":[{"href":"https:\/\/www.sources-hotels.com\/bourgogne\/wp-json\/wp\/v2\/types\/page"}],"author":[{"embeddable":true,"href":"https:\/\/www.sources-hotels.com\/bourgogne\/wp-json\/wp\/v2\/users\/12"}],"replies":[{"embeddable":true,"href":"https:\/\/www.sources-hotels.com\/bourgogne\/wp-json\/wp\/v2\/comments?post=6460"}],"version-history":[{"count":39,"href":"https:\/\/www.sources-hotels.com\/bourgogne\/wp-json\/wp\/v2\/pages\/6460\/revisions"}],"predecessor-version":[{"id":7899,"href":"https:\/\/www.sources-hotels.com\/bourgogne\/wp-json\/wp\/v2\/pages\/6460\/revisions\/7899"}],"wp:attachment":[{"href":"https:\/\/www.sources-hotels.com\/bourgogne\/wp-json\/wp\/v2\/media?parent=6460"}],"wp:term":[{"taxonomy":"hotels","embeddable":true,"href":"https:\/\/www.sources-hotels.com\/bourgogne\/wp-json\/wp\/v2\/hotels?post=6460"},{"taxonomy":"doc_cat","embeddable":true,"href":"https:\/\/www.sources-hotels.com\/bourgogne\/wp-json\/wp\/v2\/doc_cat?post=6460"}],"curies":[{"name":"wp","href":"https:\/\/api.w.org\/{rel}","templated":true}]}}