{"id":8244,"date":"2026-04-30T12:17:45","date_gmt":"2026-04-30T10:17:45","guid":{"rendered":"https:\/\/www.sources-hotels.com\/bourgogne\/?page_id=8244"},"modified":"2026-04-30T14:24:42","modified_gmt":"2026-04-30T12:24:42","slug":"le-moulin","status":"publish","type":"page","link":"https:\/\/www.sources-hotels.com\/bourgogne\/le-moulin\/","title":{"rendered":"Le Moulin"},"content":{"rendered":"\n<section class=\"custom-block block--header h-[206rem] text-center text-white overflow-hidden pt-[100rem] relative tablet:h-[700rem] tablet:pt-[420rem]\">\n\n    <h1>\n                            Maison Priv\u00e9e            <\/h1>\n\n    \n    <span class=\"scroll-down hidden text-[12rem] tracking-[2rem] uppercase font-title cursor-pointer opacity-[64%] pb-[66rem] absolute left-2\/4 bottom-0 translate-x-[-50%] after:w-[1px] after:h-[50rem] after:bg-white after:opacity-[40%] after:absolute after:bottom-0 after:left-[50%] tablet:block\">\n        Voir la suite    <\/span>\n\n    <figure class=\"min-w-full min-h-full aspect-video overflow-hidden absolute top-2\/4 left-2\/4 translate-x-[-50%] translate-y-[-50%] z-[-1] before:bg-black before:opacity-[35%] before:mix-blend-multiply before:absolute before:top-0 before:left-0 before:right-0 before:bottom-0 before:z-[2]\">\n                    <img loading=\"lazy\" decoding=\"async\" width=\"2048\" height=\"1365\" src=\"https:\/\/www.sources-hotels.com\/bourgogne\/wp-content\/uploads\/sites\/5\/2026\/04\/LesSourcesdeVougeot_LeMoulin_\u00a9MaximilienForgetStudio-12-1.jpg\" class=\"h-full w-full object-cover object-center\" alt=\"\" srcset=\"https:\/\/www.sources-hotels.com\/bourgogne\/wp-content\/uploads\/sites\/5\/2026\/04\/LesSourcesdeVougeot_LeMoulin_\u00a9MaximilienForgetStudio-12-1.jpg 2048w, https:\/\/www.sources-hotels.com\/bourgogne\/wp-content\/uploads\/sites\/5\/2026\/04\/LesSourcesdeVougeot_LeMoulin_\u00a9MaximilienForgetStudio-12-1-300x200.jpg 300w, https:\/\/www.sources-hotels.com\/bourgogne\/wp-content\/uploads\/sites\/5\/2026\/04\/LesSourcesdeVougeot_LeMoulin_\u00a9MaximilienForgetStudio-12-1-1024x683.jpg 1024w, https:\/\/www.sources-hotels.com\/bourgogne\/wp-content\/uploads\/sites\/5\/2026\/04\/LesSourcesdeVougeot_LeMoulin_\u00a9MaximilienForgetStudio-12-1-768x512.jpg 768w, https:\/\/www.sources-hotels.com\/bourgogne\/wp-content\/uploads\/sites\/5\/2026\/04\/LesSourcesdeVougeot_LeMoulin_\u00a9MaximilienForgetStudio-12-1-1536x1024.jpg 1536w, https:\/\/www.sources-hotels.com\/bourgogne\/wp-content\/uploads\/sites\/5\/2026\/04\/LesSourcesdeVougeot_LeMoulin_\u00a9MaximilienForgetStudio-12-1-1725x1150.jpg 1725w\" sizes=\"auto, (max-width: 2048px) 100vw, 2048px\" \/>            <\/figure>\n    \n<\/section>\n\n    \n\n\n<section\n    class=\"custom-block block--large-visual-centered-text-white-background has-visual\">\n\n            <div class=\"large-visual-container\">\n\n            <div class=\"large-visual\">\n                <figure>\n                    <img loading=\"lazy\" decoding=\"async\" width=\"2048\" height=\"1200\" src=\"https:\/\/www.sources-hotels.com\/bourgogne\/wp-content\/uploads\/sites\/5\/2026\/04\/LesSourcesdeVougeot_LeMoulin_\u00a9MaximilienForgetStudio-5-2048x1200.jpg\" class=\"h-full w-full object-cover object-center\" alt=\"\" \/>                <\/figure>\n            <\/div>\n\n            \n                            <h2 class=\"title-single\">Le Moulin<\/h2>\n                        \n        <\/div>\n    \n    <div class=\"bloc-content\">\n                <div class=\"content rte\">\n            <p><span data-olk-copy-source=\"MessageBody\">\u00c0 l&rsquo;aplomb de la charmante rivi\u00e8re <\/span>La Vouge, le Moulin est un v\u00e9ritable cocon \u00e0 l\u2019architecture typiquement bourguignonne. Aux premi\u00e8res loges de la nature et au calme, il invite au repos.<\/p>\n<h4>Services et \u00e9quipements<\/h4>\n<ul>\n<li style=\"list-style-type: none\">\n<ul>\n<li><span style=\"font-weight: 400\">Bel appartement en duplex<\/span><\/li>\n<li><span style=\"font-weight: 400\">Pour 2 adultes et jusqu&rsquo;\u00e0 6 personnes (2 adultes et 4 enfants)<\/span><\/li>\n<li><span style=\"font-weight: 400\">100m2 sur 2 \u00e9tages dont un rez-de-jardin de 56m2<\/span><\/li>\n<li><span style=\"font-weight: 400\">Salon, salle \u00e0 manger, kitchenette<\/span><\/li>\n<li><span style=\"font-weight: 400\">Mini-bar<\/span><\/li>\n<li><span style=\"font-weight: 400\">1 chambre principale :\u00a0 lit double (200&#215;200). Notre literie est de fabrication fran\u00e7aise<\/span><\/li>\n<li>2 canap\u00e9s-lits (160&#215;200)<\/li>\n<li><span data-olk-copy-source=\"MessageBody\">1 Salle de bain avec 2 vasques : baignoire et douche Produits et soins \u00e9co-responsables<\/span><\/li>\n<li><span data-olk-copy-source=\"MessageBody\">2 Toilettes (dont une pour les invit\u00e9s en rez-de-jardin)<\/span><\/li>\n<li><span style=\"font-weight: 400\">TV \u00e9cran plat Chromecast<\/span><\/li>\n<li><span style=\"font-weight: 400\">Climatisation<\/span><\/li>\n<li><span style=\"font-weight: 400\">Wifi gratuit<\/span><\/li>\n<li><span style=\"font-weight: 400\">Coffre-fort<\/span><\/li>\n<li><span style=\"font-weight: 400\">Room service disponible<\/span><\/li>\n<li>Bain nordique privatif<\/li>\n<li>Terrasse<\/li>\n<li>Jardin privatif<\/li>\n<\/ul>\n<\/li>\n<\/ul>\n<p>&nbsp;<\/p>\n        <\/div>\n\n            <\/div>\n\n    \n            <svg width=\"475\" height=\"889\" viewBox=\"0 0 475 889\" fill=\"none\"><use xlink:href=\"#leaf-side\"\/><\/svg>    \n<\/section>\n\n<section class=\"custom-block block--three-visuals-cta mx-auto text-center\">\n\n                    <div class=\"images\">\n                            <div class=\"relative\">\n                    <figure>\n                        <img loading=\"lazy\" decoding=\"async\" width=\"840\" height=\"600\" src=\"https:\/\/www.sources-hotels.com\/bourgogne\/wp-content\/uploads\/sites\/5\/2026\/04\/LesSourcesdeVougeot_LeMoulin_\u00a9MaximilienForgetStudio-8-2-840x600.jpg\" class=\"w-full h-full object-cover object-center\" alt=\"Chambre - Le Moulin\" \/>                    <\/figure>\n                                    <\/div>\n                            <div class=\"relative\">\n                    <figure>\n                        <img loading=\"lazy\" decoding=\"async\" width=\"840\" height=\"600\" src=\"https:\/\/www.sources-hotels.com\/bourgogne\/wp-content\/uploads\/sites\/5\/2026\/04\/LesSourcesdeVougeot_LeMoulin_\u00a9MaximilienForgetStudio-2-840x600.jpg\" class=\"w-full h-full object-cover object-center\" alt=\"Salon - Le Moulin\" \/>                    <\/figure>\n                                    <\/div>\n                            <div class=\"relative\">\n                    <figure>\n                        <img loading=\"lazy\" decoding=\"async\" width=\"840\" height=\"600\" src=\"https:\/\/www.sources-hotels.com\/bourgogne\/wp-content\/uploads\/sites\/5\/2026\/04\/LesSourcesdeVougeot_LeMoulin_\u00a9MaximilienForgetStudio-8-1-840x600.jpg\" class=\"w-full h-full object-cover object-center\" alt=\"Chambre vue panoramique - Le Moulin\" \/>                    <\/figure>\n                                    <\/div>\n                    <\/div>\n    \n\n    \n\n\n\n<\/section>\n\n\n<section class=\"custom-block block--slider-classic-pictures flex flex-col items-center background-white\">\n\n            <h2 class=\"block-title\">D\u00e9couvrez tous nos h\u00e9bergements<\/h2>\n    \n    <div class=\"slides w-[209rem] !overflow-visible self-start tablet:w-[990rem] tablet:relative tablet:left-[60rem]\">\n\n        \n            <div class=\"slide w-[200rem] tablet:w-[450rem] teaser teaser--article-type-1\">\n\n                \n                <figure class=\"w-full h-[240rem] mb-[5rem] tablet:h-[575rem] tablet:mb-[30rem]\">\n                    <img loading=\"lazy\" decoding=\"async\" width=\"881\" height=\"1150\" src=\"https:\/\/www.sources-hotels.com\/bourgogne\/wp-content\/uploads\/sites\/5\/2026\/04\/LesSourcesdeVougeot_LaCledesChamps_\u00a9MaximilienForgetStudio-2-e1777450219682-881x1150.jpg\" class=\"h-full w-full object-cover object-center\" alt=\"Chambre Confort\" srcset=\"https:\/\/www.sources-hotels.com\/bourgogne\/wp-content\/uploads\/sites\/5\/2026\/04\/LesSourcesdeVougeot_LaCledesChamps_\u00a9MaximilienForgetStudio-2-e1777450219682-881x1150.jpg 881w, https:\/\/www.sources-hotels.com\/bourgogne\/wp-content\/uploads\/sites\/5\/2026\/04\/LesSourcesdeVougeot_LaCledesChamps_\u00a9MaximilienForgetStudio-2-e1777450219682-230x300.jpg 230w, https:\/\/www.sources-hotels.com\/bourgogne\/wp-content\/uploads\/sites\/5\/2026\/04\/LesSourcesdeVougeot_LaCledesChamps_\u00a9MaximilienForgetStudio-2-e1777450219682-785x1024.jpg 785w, https:\/\/www.sources-hotels.com\/bourgogne\/wp-content\/uploads\/sites\/5\/2026\/04\/LesSourcesdeVougeot_LaCledesChamps_\u00a9MaximilienForgetStudio-2-e1777450219682-768x1002.jpg 768w, https:\/\/www.sources-hotels.com\/bourgogne\/wp-content\/uploads\/sites\/5\/2026\/04\/LesSourcesdeVougeot_LaCledesChamps_\u00a9MaximilienForgetStudio-2-e1777450219682-1177x1536.jpg 1177w, https:\/\/www.sources-hotels.com\/bourgogne\/wp-content\/uploads\/sites\/5\/2026\/04\/LesSourcesdeVougeot_LaCledesChamps_\u00a9MaximilienForgetStudio-2-e1777450219682-1569x2048.jpg 1569w\" sizes=\"auto, (max-width: 881px) 100vw, 881px\" \/>                <\/figure>\n\n                <h3 class=\"font-serif\">\n                    Chambres Confort &amp; Prestige                <\/h3>\n\n                                    <div class=\"mt-[13rem]\">\n                        <p>D\u00e9couvrez l\u2019\u00e9l\u00e9gance et le raffinement de nos chambres Confort et Prestige, les deux premi\u00e8res cat\u00e9gories de notre maison.<\/p>\n                    <\/div>\n                \n                                    <a href=\"https:\/\/www.sources-hotels.com\/bourgogne\/chambres-suites\/chambres-confort-prestige\/\" class=\"link mt-[10rem] tablet:mt-[20rem]\" target=\"\">\n                        En savoir plus                    <\/a>\n                \n            <\/div>\n\n        \n            <div class=\"slide w-[200rem] tablet:w-[450rem] teaser teaser--article-type-1\">\n\n                \n                <figure class=\"w-full h-[240rem] mb-[5rem] tablet:h-[575rem] tablet:mb-[30rem]\">\n                    <img loading=\"lazy\" decoding=\"async\" width=\"1725\" height=\"1150\" src=\"https:\/\/www.sources-hotels.com\/bourgogne\/wp-content\/uploads\/sites\/5\/2025\/12\/LesSourcesdeVougeot_LeBelvedere_5_\u00a9Jules-Focone-5-1725x1150.jpg\" class=\"h-full w-full object-cover object-center\" alt=\"Chambres Les Sources de Vougeot\" srcset=\"https:\/\/www.sources-hotels.com\/bourgogne\/wp-content\/uploads\/sites\/5\/2025\/12\/LesSourcesdeVougeot_LeBelvedere_5_\u00a9Jules-Focone-5-1725x1150.jpg 1725w, https:\/\/www.sources-hotels.com\/bourgogne\/wp-content\/uploads\/sites\/5\/2025\/12\/LesSourcesdeVougeot_LeBelvedere_5_\u00a9Jules-Focone-5-300x200.jpg 300w, https:\/\/www.sources-hotels.com\/bourgogne\/wp-content\/uploads\/sites\/5\/2025\/12\/LesSourcesdeVougeot_LeBelvedere_5_\u00a9Jules-Focone-5-1024x683.jpg 1024w, https:\/\/www.sources-hotels.com\/bourgogne\/wp-content\/uploads\/sites\/5\/2025\/12\/LesSourcesdeVougeot_LeBelvedere_5_\u00a9Jules-Focone-5-768x512.jpg 768w, https:\/\/www.sources-hotels.com\/bourgogne\/wp-content\/uploads\/sites\/5\/2025\/12\/LesSourcesdeVougeot_LeBelvedere_5_\u00a9Jules-Focone-5-1536x1024.jpg 1536w, https:\/\/www.sources-hotels.com\/bourgogne\/wp-content\/uploads\/sites\/5\/2025\/12\/LesSourcesdeVougeot_LeBelvedere_5_\u00a9Jules-Focone-5-2048x1365.jpg 2048w\" sizes=\"auto, (max-width: 1725px) 100vw, 1725px\" \/>                <\/figure>\n\n                <h3 class=\"font-serif\">\n                    Suites &amp; Suites Signature                <\/h3>\n\n                                    <div class=\"mt-[13rem]\">\n                        <p>D\u00e9couvrez nos Junior Suites, Suites Prestige et Suites Signature, o\u00f9 le luxe et l\u2019art de vivre \u00e0 en Bourgogne se d\u00e9voilent sous trois ambiances uniques.<\/p>\n                    <\/div>\n                \n                                    <a href=\"https:\/\/www.sources-hotels.com\/bourgogne\/chambres-suites\/suites\/\" class=\"link mt-[10rem] tablet:mt-[20rem]\" target=\"\">\n                        En savoir plus                    <\/a>\n                \n            <\/div>\n\n        \n            <div class=\"slide w-[200rem] tablet:w-[450rem] teaser teaser--article-type-1\">\n\n                \n                <figure class=\"w-full h-[240rem] mb-[5rem] tablet:h-[575rem] tablet:mb-[30rem]\">\n                    <img loading=\"lazy\" decoding=\"async\" width=\"1725\" height=\"1150\" src=\"https:\/\/www.sources-hotels.com\/bourgogne\/wp-content\/uploads\/sites\/5\/2026\/04\/DSCF0561-1-1725x1150.jpg\" class=\"h-full w-full object-cover object-center\" alt=\"Chambre - La Vigne Rose\" srcset=\"https:\/\/www.sources-hotels.com\/bourgogne\/wp-content\/uploads\/sites\/5\/2026\/04\/DSCF0561-1-1725x1150.jpg 1725w, https:\/\/www.sources-hotels.com\/bourgogne\/wp-content\/uploads\/sites\/5\/2026\/04\/DSCF0561-1-300x200.jpg 300w, https:\/\/www.sources-hotels.com\/bourgogne\/wp-content\/uploads\/sites\/5\/2026\/04\/DSCF0561-1-1024x683.jpg 1024w, https:\/\/www.sources-hotels.com\/bourgogne\/wp-content\/uploads\/sites\/5\/2026\/04\/DSCF0561-1-768x512.jpg 768w, https:\/\/www.sources-hotels.com\/bourgogne\/wp-content\/uploads\/sites\/5\/2026\/04\/DSCF0561-1-1536x1024.jpg 1536w, https:\/\/www.sources-hotels.com\/bourgogne\/wp-content\/uploads\/sites\/5\/2026\/04\/DSCF0561-1.jpg 2048w\" sizes=\"auto, (max-width: 1725px) 100vw, 1725px\" \/>                <\/figure>\n\n                <h3 class=\"font-serif\">\n                    La Suite Particuli\u00e8re                <\/h3>\n\n                                    <div class=\"mt-[13rem]\">\n                        <p>Laissez-vous s\u00e9duire par la majest\u00e9 de La Suite La Vigne Rose et ses 105 m\u00b2 qui r\u00e9v\u00e8lent des volumes spectaculaires.<\/p>\n                    <\/div>\n                \n                                    <a href=\"https:\/\/www.sources-hotels.com\/bourgogne\/chambres-suites\/suite-particuliere\/\" class=\"link mt-[10rem] tablet:mt-[20rem]\" target=\"\">\n                        En savoir plus                    <\/a>\n                \n            <\/div>\n\n        \n    <\/div>\n\n    \n<\/section>\n","protected":false},"excerpt":{"rendered":"","protected":false},"author":12,"featured_media":0,"parent":0,"menu_order":0,"comment_status":"closed","ping_status":"closed","template":"","meta":{"_acf_changed":false,"footnotes":""},"hotels":[],"doc_cat":[],"class_list":["post-8244","page","type-page","status-publish","hentry"],"acf":[],"yoast_head":"<!-- This site is optimized with the Yoast SEO plugin v25.6 - https:\/\/yoast.com\/wordpress\/plugins\/seo\/ -->\n<title>Appartement de luxe en Bourgogne | Les Sources de Vougeot<\/title>\n<meta name=\"description\" content=\"R\u00e9servez un s\u00e9jour luxueux et paisible dans notre appartement, au c\u0153ur de la Bourgogne. R\u00e9servez d\u00e8s maintenant !\" \/>\n<meta name=\"robots\" content=\"index, follow, max-snippet:-1, max-image-preview:large, max-video-preview:-1\" \/>\n<link rel=\"canonical\" href=\"https:\/\/www.sources-hotels.com\/bourgogne\/le-moulin\/\" \/>\n<meta property=\"og:locale\" content=\"fr_FR\" \/>\n<meta property=\"og:type\" content=\"article\" \/>\n<meta property=\"og:title\" content=\"Appartement de luxe en Bourgogne | Les Sources de Vougeot\" \/>\n<meta property=\"og:description\" content=\"R\u00e9servez un s\u00e9jour luxueux et paisible dans notre appartement, au c\u0153ur de la Bourgogne. R\u00e9servez d\u00e8s maintenant !\" \/>\n<meta property=\"og:url\" content=\"https:\/\/www.sources-hotels.com\/bourgogne\/le-moulin\/\" \/>\n<meta property=\"og:site_name\" content=\"Les Sources de Vougeot\" \/>\n<meta property=\"article:modified_time\" content=\"2026-04-30T12:24:42+00:00\" \/>\n<meta name=\"twitter:card\" content=\"summary_large_image\" \/>\n<script type=\"application\/ld+json\" class=\"yoast-schema-graph\">{\"@context\":\"https:\/\/schema.org\",\"@graph\":[{\"@type\":\"WebPage\",\"@id\":\"https:\/\/www.sources-hotels.com\/bourgogne\/le-moulin\/\",\"url\":\"https:\/\/www.sources-hotels.com\/bourgogne\/le-moulin\/\",\"name\":\"Appartement de luxe en Bourgogne | Les Sources de Vougeot\",\"isPartOf\":{\"@id\":\"https:\/\/www.sources-hotels.com\/bourgogne\/#website\"},\"datePublished\":\"2026-04-30T10:17:45+00:00\",\"dateModified\":\"2026-04-30T12:24:42+00:00\",\"description\":\"R\u00e9servez un s\u00e9jour luxueux et paisible dans notre appartement, au c\u0153ur de la Bourgogne. R\u00e9servez d\u00e8s maintenant !\",\"breadcrumb\":{\"@id\":\"https:\/\/www.sources-hotels.com\/bourgogne\/le-moulin\/#breadcrumb\"},\"inLanguage\":\"fr-FR\",\"potentialAction\":[{\"@type\":\"ReadAction\",\"target\":[\"https:\/\/www.sources-hotels.com\/bourgogne\/le-moulin\/\"]}]},{\"@type\":\"BreadcrumbList\",\"@id\":\"https:\/\/www.sources-hotels.com\/bourgogne\/le-moulin\/#breadcrumb\",\"itemListElement\":[{\"@type\":\"ListItem\",\"position\":1,\"name\":\"Accueil\",\"item\":\"https:\/\/www.sources-hotels.com\/bourgogne\/\"},{\"@type\":\"ListItem\",\"position\":2,\"name\":\"Le Moulin\"}]},{\"@type\":\"WebSite\",\"@id\":\"https:\/\/www.sources-hotels.com\/bourgogne\/#website\",\"url\":\"https:\/\/www.sources-hotels.com\/bourgogne\/\",\"name\":\"Les Sources de Vougeot\",\"description\":\"\",\"publisher\":{\"@id\":\"https:\/\/www.sources-hotels.com\/bourgogne\/#organization\"},\"potentialAction\":[{\"@type\":\"SearchAction\",\"target\":{\"@type\":\"EntryPoint\",\"urlTemplate\":\"https:\/\/www.sources-hotels.com\/bourgogne\/?s={search_term_string}\"},\"query-input\":{\"@type\":\"PropertyValueSpecification\",\"valueRequired\":true,\"valueName\":\"search_term_string\"}}],\"inLanguage\":\"fr-FR\"},{\"@type\":\"Organization\",\"@id\":\"https:\/\/www.sources-hotels.com\/bourgogne\/#organization\",\"name\":\"Les Sources de Caudalie\",\"url\":\"https:\/\/www.sources-hotels.com\/bourgogne\/\",\"logo\":{\"@type\":\"ImageObject\",\"inLanguage\":\"fr-FR\",\"@id\":\"https:\/\/www.sources-hotels.com\/bourgogne\/#\/schema\/logo\/image\/\",\"url\":\"\",\"contentUrl\":\"\",\"caption\":\"Les Sources de Caudalie\"},\"image\":{\"@id\":\"https:\/\/www.sources-hotels.com\/bourgogne\/#\/schema\/logo\/image\/\"}}]}<\/script>\n<!-- \/ Yoast SEO plugin. -->","yoast_head_json":{"title":"Appartement de luxe en Bourgogne | Les Sources de Vougeot","description":"R\u00e9servez un s\u00e9jour luxueux et paisible dans notre appartement, au c\u0153ur de la Bourgogne. R\u00e9servez d\u00e8s maintenant !","robots":{"index":"index","follow":"follow","max-snippet":"max-snippet:-1","max-image-preview":"max-image-preview:large","max-video-preview":"max-video-preview:-1"},"canonical":"https:\/\/www.sources-hotels.com\/bourgogne\/le-moulin\/","og_locale":"fr_FR","og_type":"article","og_title":"Appartement de luxe en Bourgogne | Les Sources de Vougeot","og_description":"R\u00e9servez un s\u00e9jour luxueux et paisible dans notre appartement, au c\u0153ur de la Bourgogne. R\u00e9servez d\u00e8s maintenant !","og_url":"https:\/\/www.sources-hotels.com\/bourgogne\/le-moulin\/","og_site_name":"Les Sources de Vougeot","article_modified_time":"2026-04-30T12:24:42+00:00","twitter_card":"summary_large_image","schema":{"@context":"https:\/\/schema.org","@graph":[{"@type":"WebPage","@id":"https:\/\/www.sources-hotels.com\/bourgogne\/le-moulin\/","url":"https:\/\/www.sources-hotels.com\/bourgogne\/le-moulin\/","name":"Appartement de luxe en Bourgogne | Les Sources de Vougeot","isPartOf":{"@id":"https:\/\/www.sources-hotels.com\/bourgogne\/#website"},"datePublished":"2026-04-30T10:17:45+00:00","dateModified":"2026-04-30T12:24:42+00:00","description":"R\u00e9servez un s\u00e9jour luxueux et paisible dans notre appartement, au c\u0153ur de la Bourgogne. R\u00e9servez d\u00e8s maintenant !","breadcrumb":{"@id":"https:\/\/www.sources-hotels.com\/bourgogne\/le-moulin\/#breadcrumb"},"inLanguage":"fr-FR","potentialAction":[{"@type":"ReadAction","target":["https:\/\/www.sources-hotels.com\/bourgogne\/le-moulin\/"]}]},{"@type":"BreadcrumbList","@id":"https:\/\/www.sources-hotels.com\/bourgogne\/le-moulin\/#breadcrumb","itemListElement":[{"@type":"ListItem","position":1,"name":"Accueil","item":"https:\/\/www.sources-hotels.com\/bourgogne\/"},{"@type":"ListItem","position":2,"name":"Le Moulin"}]},{"@type":"WebSite","@id":"https:\/\/www.sources-hotels.com\/bourgogne\/#website","url":"https:\/\/www.sources-hotels.com\/bourgogne\/","name":"Les Sources de Vougeot","description":"","publisher":{"@id":"https:\/\/www.sources-hotels.com\/bourgogne\/#organization"},"potentialAction":[{"@type":"SearchAction","target":{"@type":"EntryPoint","urlTemplate":"https:\/\/www.sources-hotels.com\/bourgogne\/?s={search_term_string}"},"query-input":{"@type":"PropertyValueSpecification","valueRequired":true,"valueName":"search_term_string"}}],"inLanguage":"fr-FR"},{"@type":"Organization","@id":"https:\/\/www.sources-hotels.com\/bourgogne\/#organization","name":"Les Sources de Caudalie","url":"https:\/\/www.sources-hotels.com\/bourgogne\/","logo":{"@type":"ImageObject","inLanguage":"fr-FR","@id":"https:\/\/www.sources-hotels.com\/bourgogne\/#\/schema\/logo\/image\/","url":"","contentUrl":"","caption":"Les Sources de Caudalie"},"image":{"@id":"https:\/\/www.sources-hotels.com\/bourgogne\/#\/schema\/logo\/image\/"}}]}},"_links":{"self":[{"href":"https:\/\/www.sources-hotels.com\/bourgogne\/wp-json\/wp\/v2\/pages\/8244","targetHints":{"allow":["GET"]}}],"collection":[{"href":"https:\/\/www.sources-hotels.com\/bourgogne\/wp-json\/wp\/v2\/pages"}],"about":[{"href":"https:\/\/www.sources-hotels.com\/bourgogne\/wp-json\/wp\/v2\/types\/page"}],"author":[{"embeddable":true,"href":"https:\/\/www.sources-hotels.com\/bourgogne\/wp-json\/wp\/v2\/users\/12"}],"replies":[{"embeddable":true,"href":"https:\/\/www.sources-hotels.com\/bourgogne\/wp-json\/wp\/v2\/comments?post=8244"}],"version-history":[{"count":30,"href":"https:\/\/www.sources-hotels.com\/bourgogne\/wp-json\/wp\/v2\/pages\/8244\/revisions"}],"predecessor-version":[{"id":8851,"href":"https:\/\/www.sources-hotels.com\/bourgogne\/wp-json\/wp\/v2\/pages\/8244\/revisions\/8851"}],"wp:attachment":[{"href":"https:\/\/www.sources-hotels.com\/bourgogne\/wp-json\/wp\/v2\/media?parent=8244"}],"wp:term":[{"taxonomy":"hotels","embeddable":true,"href":"https:\/\/www.sources-hotels.com\/bourgogne\/wp-json\/wp\/v2\/hotels?post=8244"},{"taxonomy":"doc_cat","embeddable":true,"href":"https:\/\/www.sources-hotels.com\/bourgogne\/wp-json\/wp\/v2\/doc_cat?post=8244"}],"curies":[{"name":"wp","href":"https:\/\/api.w.org\/{rel}","templated":true}]}}